{"id":615,"date":"2025-02-27T14:19:14","date_gmt":"2025-02-27T07:19:14","guid":{"rendered":"https:\/\/mebinhminh.fastviet.vn\/?post_type=product&#038;p=615"},"modified":"2025-02-27T14:19:14","modified_gmt":"2025-02-27T07:19:14","slug":"bo-trang-phuc-chong-chay-nomex-ktfsn300-korea","status":"publish","type":"product","link":"https:\/\/mebinhminh.fastviet.vn\/?product=bo-trang-phuc-chong-chay-nomex-ktfsn300-korea","title":{"rendered":"B\u1ed9 trang ph\u1ee5c ch\u1ed1ng ch\u00e1y Nomex KTFSN300 Korea"},"content":{"rendered":"<div id=\"content_NH\" class=\"w-100 motanhom\">\n<div class=\"motanhom-child\">\n<h2 dir=\"ltr\">Th\u00f4ng s\u1ed1 b\u1ed9 s\u1ea3n ph\u1ea9m:<\/h2>\n<p dir=\"ltr\">&#8211; Th\u01b0\u01a1ng hi\u1ec7u: Nomex<\/p>\n<p dir=\"ltr\">&#8211; Xu\u1ea5t x\u1ee9: H\u00e0n Qu\u1ed1c<\/p>\n<p dir=\"ltr\">&#8211; Bao g\u1ed3m:<\/p>\n<p dir=\"ltr\">+ M\u0169 \u0111\u1ecf c\u00f3 t\u1ea5m b\u1ea3o v\u1ec7 g\u00e1y b\u1eb1ng nh\u00f4m model KTFH1000<\/p>\n<p dir=\"ltr\">+ \u1ee6ng ch\u1ed1ng ch\u00e1y model FRB2 c\u00f3 quai x\u00e1ch<\/p>\n<p dir=\"ltr\">+ G\u0103ng tay ch\u1ed1ng ch\u00e1y KTN700<\/p>\n<p dir=\"ltr\">+ Kh\u1ea9u trang 3M-8120<\/p>\n<p dir=\"ltr\">+ Qu\u1ea7n \u00e1o ch\u1ed1ng ch\u00e1y<\/p>\n<p dir=\"ltr\">&#8211; Ch\u1ea5t li\u1ec7u: Nomex 2 l\u1edbp ch\u1ed1ng ch\u00e1y 230g\/m2<\/p>\n<p dir=\"ltr\">&#8211; M\u00e0u: Cam\/ xanh \u0111en<\/p>\n<p dir=\"ltr\">&#8211; Nhi\u1ec7t \u0111\u1ed9 ch\u1ecbu \u0111\u01b0\u1ee3c: 300 \u0111\u1ed9 C v\u00e0 ng\u1ecdn l\u1eeda tr\u1ea7n 2 &#8211; 7 gi\u00e2y<\/p>\n<p dir=\"ltr\">&#8211; K\u00edch c\u1ee1: Size EU (S &#8211; cho ng\u01b0\u01a1\u0300i 65kg; M cho ng\u01b0\u01a1\u0300i 75kg; L cho ng\u01b0\u01a1\u0300i 85kg)<\/p>\n<p dir=\"ltr\">&#8211; \u0110\u1eb7c \u0111i\u1ec3m:<\/p>\n<p dir=\"ltr\">+ Kho\u00e1 k\u00e9o tr\u01b0\u1edbc \u00e1o c\u00f3 ch\u1ea5t li\u1ec7u b\u1eb1ng \u0111\u1ed3ng b\u00ean trong + thi\u1ebft k\u1ebf d\u00e1n Velcro.<\/p>\n<p dir=\"ltr\">+ Th\u00e2n \u00e1o c\u00f3 2 d\u1ea3i ph\u1ea3n quang kh\u1ed5 r\u1ed9ng 5cm; g\u1ea5u \u00e1o b\u1ebb cu\u1ed9n 2cm.<\/p>\n<p dir=\"ltr\">+ Tay \u00e1o c\u00f3 d\u1ea3i ph\u1ea3n quang 5cm.<\/p>\n<p dir=\"ltr\">+ Qu\u1ea7n c\u00f3 vi\u1ec1n ph\u00e1t quang r\u1ed9ng 5cm.<\/p>\n<\/div>\n<\/div>\n<div class=\"content_showmore\"><\/div>\n","protected":false},"excerpt":{"rendered":"<p><strong>Qu\u1ea7n \u00c1o Ch\u1ed1ng Ch\u00e1y KTFSN300 KOREA<\/strong>\u00a0s\u1eed d\u1ee5ng trong PCC l\u00e0 qu\u1ea7n \u00e1o ch\u1ed1ng ch\u00e1y \u2013 ch\u1ecbu nhi\u1ec7t , \u0111i c\u00f9ng c\u00e1c s\u1ea3n ph\u1ea9m \u0111i k\u00e8m nh\u01b0 n\u00f3n PCCC, g\u0103ng tay PCCC , \u1ee7ng PCCC v\u00e0 kh\u1ea9u trang PCCC .<\/p>\n","protected":false},"featured_media":616,"comment_status":"open","ping_status":"closed","template":"","meta":[],"product_brand":[58,59],"product_cat":[18],"product_tag":[61],"class_list":{"0":"post-615","1":"product","2":"type-product","3":"status-publish","4":"has-post-thumbnail","6":"product_brand-han-quoc-ktfsn","7":"product_brand-kt-fire-corporation","8":"product_cat-bao-ho","9":"product_tag-ktfsn300-korea","11":"first","12":"instock","13":"taxable","14":"shipping-taxable","15":"purchasable","16":"product-type-simple"},"yoast_head":"<!-- This site is optimized with the Yoast SEO plugin v24.3 - https:\/\/yoast.com\/wordpress\/plugins\/seo\/ -->\n<title>B\u1ed9 trang ph\u1ee5c ch\u1ed1ng ch\u00e1y Nomex KTFSN300 Korea - M&amp;E B\u00ccNH MINH<\/title>\n<meta name=\"robots\" content=\"index, follow, max-snippet:-1, max-image-preview:large, max-video-preview:-1\" \/>\n<link rel=\"canonical\" href=\"https:\/\/mebinhminh.fastviet.vn\/?product=bo-trang-phuc-chong-chay-nomex-ktfsn300-korea\" \/>\n<meta property=\"og:locale\" content=\"vi_VN\" \/>\n<meta property=\"og:type\" content=\"article\" \/>\n<meta property=\"og:title\" content=\"B\u1ed9 trang ph\u1ee5c ch\u1ed1ng ch\u00e1y Nomex KTFSN300 Korea - M&amp;E B\u00ccNH MINH\" \/>\n<meta property=\"og:description\" content=\"Qu\u1ea7n \u00c1o Ch\u1ed1ng Ch\u00e1y KTFSN300 KOREA\u00a0s\u1eed d\u1ee5ng trong PCC l\u00e0 qu\u1ea7n \u00e1o ch\u1ed1ng ch\u00e1y \u2013 ch\u1ecbu nhi\u1ec7t , \u0111i c\u00f9ng c\u00e1c s\u1ea3n ph\u1ea9m \u0111i k\u00e8m nh\u01b0 n\u00f3n PCCC, g\u0103ng tay PCCC , \u1ee7ng PCCC v\u00e0 kh\u1ea9u trang PCCC .\" \/>\n<meta property=\"og:url\" content=\"https:\/\/mebinhminh.fastviet.vn\/?product=bo-trang-phuc-chong-chay-nomex-ktfsn300-korea\" \/>\n<meta property=\"og:site_name\" content=\"M&amp;E B\u00ccNH MINH\" \/>\n<meta property=\"og:image\" content=\"https:\/\/mebinhminh.fastviet.vn\/wp-content\/uploads\/2025\/02\/2210121230-eco3d-bo-quan-ao-chong-chay-ktfsn300-12102022.jpg\" \/>\n\t<meta property=\"og:image:width\" content=\"600\" \/>\n\t<meta property=\"og:image:height\" content=\"600\" \/>\n\t<meta property=\"og:image:type\" content=\"image\/jpeg\" \/>\n<meta name=\"twitter:card\" content=\"summary_large_image\" \/>\n<script type=\"application\/ld+json\" class=\"yoast-schema-graph\">{\"@context\":\"https:\/\/schema.org\",\"@graph\":[{\"@type\":\"WebPage\",\"@id\":\"https:\/\/mebinhminh.fastviet.vn\/?product=bo-trang-phuc-chong-chay-nomex-ktfsn300-korea\",\"url\":\"https:\/\/mebinhminh.fastviet.vn\/?product=bo-trang-phuc-chong-chay-nomex-ktfsn300-korea\",\"name\":\"B\u1ed9 trang ph\u1ee5c ch\u1ed1ng ch\u00e1y Nomex KTFSN300 Korea - M&amp;E B\u00ccNH MINH\",\"isPartOf\":{\"@id\":\"https:\/\/mebinhminh.fastviet.vn\/#website\"},\"primaryImageOfPage\":{\"@id\":\"https:\/\/mebinhminh.fastviet.vn\/?product=bo-trang-phuc-chong-chay-nomex-ktfsn300-korea#primaryimage\"},\"image\":{\"@id\":\"https:\/\/mebinhminh.fastviet.vn\/?product=bo-trang-phuc-chong-chay-nomex-ktfsn300-korea#primaryimage\"},\"thumbnailUrl\":\"https:\/\/mebinhminh.fastviet.vn\/wp-content\/uploads\/2025\/02\/2210121230-eco3d-bo-quan-ao-chong-chay-ktfsn300-12102022.jpg\",\"datePublished\":\"2025-02-27T07:19:14+00:00\",\"dateModified\":\"2025-02-27T07:19:14+00:00\",\"breadcrumb\":{\"@id\":\"https:\/\/mebinhminh.fastviet.vn\/?product=bo-trang-phuc-chong-chay-nomex-ktfsn300-korea#breadcrumb\"},\"inLanguage\":\"vi\",\"potentialAction\":[{\"@type\":\"ReadAction\",\"target\":[\"https:\/\/mebinhminh.fastviet.vn\/?product=bo-trang-phuc-chong-chay-nomex-ktfsn300-korea\"]}]},{\"@type\":\"ImageObject\",\"inLanguage\":\"vi\",\"@id\":\"https:\/\/mebinhminh.fastviet.vn\/?product=bo-trang-phuc-chong-chay-nomex-ktfsn300-korea#primaryimage\",\"url\":\"https:\/\/mebinhminh.fastviet.vn\/wp-content\/uploads\/2025\/02\/2210121230-eco3d-bo-quan-ao-chong-chay-ktfsn300-12102022.jpg\",\"contentUrl\":\"https:\/\/mebinhminh.fastviet.vn\/wp-content\/uploads\/2025\/02\/2210121230-eco3d-bo-quan-ao-chong-chay-ktfsn300-12102022.jpg\",\"width\":600,\"height\":600},{\"@type\":\"BreadcrumbList\",\"@id\":\"https:\/\/mebinhminh.fastviet.vn\/?product=bo-trang-phuc-chong-chay-nomex-ktfsn300-korea#breadcrumb\",\"itemListElement\":[{\"@type\":\"ListItem\",\"position\":1,\"name\":\"Home\",\"item\":\"https:\/\/mebinhminh.fastviet.vn\/\"},{\"@type\":\"ListItem\",\"position\":2,\"name\":\"C\u1eeda h\u00e0ng\",\"item\":\"https:\/\/mebinhminh.fastviet.vn\/?page_id=5\"},{\"@type\":\"ListItem\",\"position\":3,\"name\":\"B\u1ed9 trang ph\u1ee5c ch\u1ed1ng ch\u00e1y Nomex KTFSN300 Korea\"}]},{\"@type\":\"WebSite\",\"@id\":\"https:\/\/mebinhminh.fastviet.vn\/#website\",\"url\":\"https:\/\/mebinhminh.fastviet.vn\/\",\"name\":\"M&amp;E B\u00ccNH MINH\",\"description\":\"\",\"potentialAction\":[{\"@type\":\"SearchAction\",\"target\":{\"@type\":\"EntryPoint\",\"urlTemplate\":\"https:\/\/mebinhminh.fastviet.vn\/?s={search_term_string}\"},\"query-input\":{\"@type\":\"PropertyValueSpecification\",\"valueRequired\":true,\"valueName\":\"search_term_string\"}}],\"inLanguage\":\"vi\"}]}<\/script>\n<!-- \/ Yoast SEO plugin. -->","yoast_head_json":{"title":"B\u1ed9 trang ph\u1ee5c ch\u1ed1ng ch\u00e1y Nomex KTFSN300 Korea - M&amp;E B\u00ccNH MINH","robots":{"index":"index","follow":"follow","max-snippet":"max-snippet:-1","max-image-preview":"max-image-preview:large","max-video-preview":"max-video-preview:-1"},"canonical":"https:\/\/mebinhminh.fastviet.vn\/?product=bo-trang-phuc-chong-chay-nomex-ktfsn300-korea","og_locale":"vi_VN","og_type":"article","og_title":"B\u1ed9 trang ph\u1ee5c ch\u1ed1ng ch\u00e1y Nomex KTFSN300 Korea - M&amp;E B\u00ccNH MINH","og_description":"Qu\u1ea7n \u00c1o Ch\u1ed1ng Ch\u00e1y KTFSN300 KOREA\u00a0s\u1eed d\u1ee5ng trong PCC l\u00e0 qu\u1ea7n \u00e1o ch\u1ed1ng ch\u00e1y \u2013 ch\u1ecbu nhi\u1ec7t , \u0111i c\u00f9ng c\u00e1c s\u1ea3n ph\u1ea9m \u0111i k\u00e8m nh\u01b0 n\u00f3n PCCC, g\u0103ng tay PCCC , \u1ee7ng PCCC v\u00e0 kh\u1ea9u trang PCCC .","og_url":"https:\/\/mebinhminh.fastviet.vn\/?product=bo-trang-phuc-chong-chay-nomex-ktfsn300-korea","og_site_name":"M&amp;E B\u00ccNH MINH","og_image":[{"width":600,"height":600,"url":"https:\/\/mebinhminh.fastviet.vn\/wp-content\/uploads\/2025\/02\/2210121230-eco3d-bo-quan-ao-chong-chay-ktfsn300-12102022.jpg","type":"image\/jpeg"}],"twitter_card":"summary_large_image","schema":{"@context":"https:\/\/schema.org","@graph":[{"@type":"WebPage","@id":"https:\/\/mebinhminh.fastviet.vn\/?product=bo-trang-phuc-chong-chay-nomex-ktfsn300-korea","url":"https:\/\/mebinhminh.fastviet.vn\/?product=bo-trang-phuc-chong-chay-nomex-ktfsn300-korea","name":"B\u1ed9 trang ph\u1ee5c ch\u1ed1ng ch\u00e1y Nomex KTFSN300 Korea - M&amp;E B\u00ccNH MINH","isPartOf":{"@id":"https:\/\/mebinhminh.fastviet.vn\/#website"},"primaryImageOfPage":{"@id":"https:\/\/mebinhminh.fastviet.vn\/?product=bo-trang-phuc-chong-chay-nomex-ktfsn300-korea#primaryimage"},"image":{"@id":"https:\/\/mebinhminh.fastviet.vn\/?product=bo-trang-phuc-chong-chay-nomex-ktfsn300-korea#primaryimage"},"thumbnailUrl":"https:\/\/mebinhminh.fastviet.vn\/wp-content\/uploads\/2025\/02\/2210121230-eco3d-bo-quan-ao-chong-chay-ktfsn300-12102022.jpg","datePublished":"2025-02-27T07:19:14+00:00","dateModified":"2025-02-27T07:19:14+00:00","breadcrumb":{"@id":"https:\/\/mebinhminh.fastviet.vn\/?product=bo-trang-phuc-chong-chay-nomex-ktfsn300-korea#breadcrumb"},"inLanguage":"vi","potentialAction":[{"@type":"ReadAction","target":["https:\/\/mebinhminh.fastviet.vn\/?product=bo-trang-phuc-chong-chay-nomex-ktfsn300-korea"]}]},{"@type":"ImageObject","inLanguage":"vi","@id":"https:\/\/mebinhminh.fastviet.vn\/?product=bo-trang-phuc-chong-chay-nomex-ktfsn300-korea#primaryimage","url":"https:\/\/mebinhminh.fastviet.vn\/wp-content\/uploads\/2025\/02\/2210121230-eco3d-bo-quan-ao-chong-chay-ktfsn300-12102022.jpg","contentUrl":"https:\/\/mebinhminh.fastviet.vn\/wp-content\/uploads\/2025\/02\/2210121230-eco3d-bo-quan-ao-chong-chay-ktfsn300-12102022.jpg","width":600,"height":600},{"@type":"BreadcrumbList","@id":"https:\/\/mebinhminh.fastviet.vn\/?product=bo-trang-phuc-chong-chay-nomex-ktfsn300-korea#breadcrumb","itemListElement":[{"@type":"ListItem","position":1,"name":"Home","item":"https:\/\/mebinhminh.fastviet.vn\/"},{"@type":"ListItem","position":2,"name":"C\u1eeda h\u00e0ng","item":"https:\/\/mebinhminh.fastviet.vn\/?page_id=5"},{"@type":"ListItem","position":3,"name":"B\u1ed9 trang ph\u1ee5c ch\u1ed1ng ch\u00e1y Nomex KTFSN300 Korea"}]},{"@type":"WebSite","@id":"https:\/\/mebinhminh.fastviet.vn\/#website","url":"https:\/\/mebinhminh.fastviet.vn\/","name":"M&amp;E B\u00ccNH MINH","description":"","potentialAction":[{"@type":"SearchAction","target":{"@type":"EntryPoint","urlTemplate":"https:\/\/mebinhminh.fastviet.vn\/?s={search_term_string}"},"query-input":{"@type":"PropertyValueSpecification","valueRequired":true,"valueName":"search_term_string"}}],"inLanguage":"vi"}]}},"jetpack_sharing_enabled":true,"_links":{"self":[{"href":"https:\/\/mebinhminh.fastviet.vn\/index.php?rest_route=\/wp\/v2\/product\/615","targetHints":{"allow":["GET"]}}],"collection":[{"href":"https:\/\/mebinhminh.fastviet.vn\/index.php?rest_route=\/wp\/v2\/product"}],"about":[{"href":"https:\/\/mebinhminh.fastviet.vn\/index.php?rest_route=\/wp\/v2\/types\/product"}],"replies":[{"embeddable":true,"href":"https:\/\/mebinhminh.fastviet.vn\/index.php?rest_route=%2Fwp%2Fv2%2Fcomments&post=615"}],"version-history":[{"count":1,"href":"https:\/\/mebinhminh.fastviet.vn\/index.php?rest_route=\/wp\/v2\/product\/615\/revisions"}],"predecessor-version":[{"id":618,"href":"https:\/\/mebinhminh.fastviet.vn\/index.php?rest_route=\/wp\/v2\/product\/615\/revisions\/618"}],"wp:featuredmedia":[{"embeddable":true,"href":"https:\/\/mebinhminh.fastviet.vn\/index.php?rest_route=\/wp\/v2\/media\/616"}],"wp:attachment":[{"href":"https:\/\/mebinhminh.fastviet.vn\/index.php?rest_route=%2Fwp%2Fv2%2Fmedia&parent=615"}],"wp:term":[{"taxonomy":"product_brand","embeddable":true,"href":"https:\/\/mebinhminh.fastviet.vn\/index.php?rest_route=%2Fwp%2Fv2%2Fproduct_brand&post=615"},{"taxonomy":"product_cat","embeddable":true,"href":"https:\/\/mebinhminh.fastviet.vn\/index.php?rest_route=%2Fwp%2Fv2%2Fproduct_cat&post=615"},{"taxonomy":"product_tag","embeddable":true,"href":"https:\/\/mebinhminh.fastviet.vn\/index.php?rest_route=%2Fwp%2Fv2%2Fproduct_tag&post=615"}],"curies":[{"name":"wp","href":"https:\/\/api.w.org\/{rel}","templated":true}]}}