{"id":634,"date":"2025-02-27T21:04:12","date_gmt":"2025-02-27T14:04:12","guid":{"rendered":"https:\/\/mebinhminh.fastviet.vn\/?post_type=product&#038;p=634"},"modified":"2025-02-27T21:04:12","modified_gmt":"2025-02-27T14:04:12","slug":"cuon-voi-chua-chay-duc-d50-d65","status":"publish","type":"product","link":"https:\/\/mebinhminh.fastviet.vn\/?product=cuon-voi-chua-chay-duc-d50-d65","title":{"rendered":"Cu\u00f4\u0323n vo\u0300i ch\u01b0\u0303a cha\u0301y \u0110\u01b0\u0301c D50\/D65"},"content":{"rendered":"<p><b>TH\u00d4NG S\u1ed0 K\u1ef8 THU\u1eacT:<\/b><\/p>\n<ul>\n<li>T\u00ean ti\u1ebfng anh: Eschbach fire hose D50\/ D65<\/li>\n<li>Ti\u1ebfng Vi\u1ec7t: cu\u1ed9n v\u00f2i ch\u1eefa ch\u00e1y \u0110\u1ee9c D50\/ D65<\/li>\n<li>Chi\u1ec1u d\u00e0i: 20m<\/li>\n<li>\u0110\u1ea7u v\u00f2i:\u00a0hai \u0111\u1ea7u c\u00f3 g\u1eafn kh\u1edbp n\u1ed1i<\/li>\n<li>\u0110\u01b0\u1eddng k\u00ednh: 50mm\/65mm<\/li>\n<li>Kh\u1edbp n\u1ed1i: kh\u1edbp n\u1ed1i nhanh ng\u00e0m ngo\u00e0i<\/li>\n<li>Xu\u1ea5t x\u1ee9: Germany \u0110\u1ee9c<\/li>\n<li>\u00c1p su\u1ea5t ch\u1ecbu l\u1ef1c: 17Bar<\/li>\n<li>L\u1edbp trong: cao su m\u1ec1m<\/li>\n<li>L\u1edbp ngo\u00e0i: v\u1ea3i b\u1ed1 + s\u1ee3i th\u1ee7y tinh<\/li>\n<li>Xu\u1ea5t x\u1ee9: \u0110\u1ee9c<\/li>\n<li>C\u1ed5 \u1ed1ng: c\u00f3 tem ch\u1ed1ng h\u00e0ng gi\u1ea3 b\u1ea3o h\u00e0nh b\u1eb1ng s\u1ed1 seria<\/li>\n<li>Th\u01b0\u01a1ng hi\u1ec7u: Jakob Eschbach \u2013\u00a0gollmer &amp; hummel<\/li>\n<\/ul>\n<p><b>C\u1ea5u t\u1ea1o c\u1ee7a cu\u1ed9n v\u00f2i ch\u1eefa ch\u00e1y \u0110\u1ee9c<\/b><\/p>\n<p>Nguy\u00ean l\u00fd ho\u1ea1t \u0111\u1ed9ng c\u1ee7a cu\u1ed9n v\u00f2i l\u00e0 \u0111\u1ec3 d\u1eabn n\u01b0\u1edbc t\u1eeb van ho\u1eb7c tr\u1ee5 c\u1ea5p n\u01b0\u1edbc ch\u1eefa ch\u00e1y \u0111\u1ebfn khu v\u1ef1c c\u1ea7n tham gia ch\u1eefa ch\u00e1y. V\u00ec v\u1eady k\u1ebft c\u1ea5u c\u1ee7a v\u00f2i ch\u1eefa ch\u00e1y kh\u00e1 \u0111\u01a1n gi\u1ea3n ch\u1ec9 v\u1edbi 3 ph\u1ea7n g\u1ed3m:<\/p>\n<p>Kh\u1edbp n\u1ed1i nhanh: d\u00f9ng \u0111\u1ec3 k\u1ebft n\u1ed1i v\u1edbi kh\u1edbp n\u1ed1i c\u1ee7a van c\u1ea5p n\u01b0\u1edbc.<\/p>\n<p>Th\u00e2n \u1ed1ng: ph\u1ea7n quan tr\u1ecdng nh\u1ea5t \u0111\u1ea3m b\u1ea3o kh\u1ea3 n\u0103ng ch\u1ecbu l\u1ef1c c\u0169ng nh\u01b0 \u0111\u1ed9 b\u1ec1n<\/p>\n<p>Kh\u1edbp n\u1ed1i: ph\u1ea7n n\u00e0y \u0111\u01b0\u1ee3c l\u1eafp v\u1edbi l\u0103ng phun gi\u00fap t\u0103ng \u00e1p \u0111\u1ea9y n\u01b0\u1edbc \u0111i xa h\u01a1n t\u1edbi \u0111\u00e1m ch\u00e1y.<\/p>\n<p>C\u1ea5u t\u1ea1o c\u1ee7a cu\u1ed9n v\u00f2i ch\u1eefa ch\u00e1y g\u1ed3m 2 l\u1edbp: b\u00ean ngo\u00e0i s\u1eed d\u1ee5ng l\u1edbp v\u1ea3i s\u1ee3i th\u1ee7y tinh c\u00f3 \u0111\u1ed9 b\u1ec1n cao, kh\u00f3 r\u00e1ch khi di chuy\u1ec3n ch\u00e0 x\u00e1t d\u01b0\u1edbi m\u1eb7t \u0111\u1ea5t, b\u00ean trong l\u00e0 l\u1edbp cao su m\u1ec1m c\u00f3 t\u00e1c d\u1ee5ng gi\u1eef \u00e1p l\u1ef1c n\u01b0\u1edbc. S\u1ea3n ph\u1ea7m\u00a0cu\u1ed9n v\u00f2i ch\u1eefa ch\u00e1y\u00a0\u0110\u1ee9c thu\u1ed9c d\u00f2ng\u00a0 cao c\u1ea5p s\u1eed d\u1ee5ng cho nh\u1eefng c\u00f4ng tr\u00ecnh ph\u00f2ng ch\u00e1y ch\u1eefa ch\u00e1y v\u00e1ch t\u01b0\u1eddng c\u00f3 y\u00eau c\u1ea7u v\u1ec1 ti\u00eau chu\u1ea9n k\u1ef9 thu\u1eadt cao.<\/p>\n<p>V\u00f2i ch\u1eefa ch\u00e1y c\u00f3 \u0111\u01b0\u1eddng k\u00ednh D50\/D65 do h\u00e3ng Jakob Eschbach Germany \u2013 \u0110\u1ee9c s\u1ea3n xu\u1ea5t\u00a0c\u00f3 tem ch\u1ed1ng h\u00e0ng gi\u1ea3 v\u00e0 CO-CQ r\u00f5 r\u00e0ng.<\/p>\n<p>\u0110\u00e2y l\u00e0 s\u1ea3n ph\u1ea9m \u0111\u1ea1t ti\u00eau chu\u1ea9n Ch\u00e2u \u00c2u v\u1ec1 v\u00f2i c\u1ee9u ho\u1ea3\/ v\u00f2i ch\u1eefa ch\u00e1y d\u00e0nh cho nh\u1eefng c\u00f4ng tr\u00ecnh c\u00f3 y\u00eau c\u1ea7u \u0111\u1eb7c t\u00ednh k\u1ef9 thu\u1eadt cao, \u0111\u1ed9 an to\u00e0n tuy\u1ec7t \u0111\u1ed1i nh\u01b0: cao \u1ed1c v\u0103n ph\u00f2ng, to\u00e0 nh\u00e0, chung c\u01b0 cao c\u1ea5p, b\u1ec7nh vi\u1ec7n, tr\u01b0\u1eddng h\u1ecdc \u2026<\/p>\n","protected":false},"excerpt":{"rendered":"<div class=\"product-summary product_description\">\n<div class=\"rte description\">T\u00ean ti\u1ebfng anh: Eschbach fire hose D50\/ D65 Ti\u1ebfng Vi\u1ec7t: cu\u1ed9n v\u00f2i ch\u1eefa ch\u00e1y \u0110\u1ee9c D50\/ D65 Chi\u1ec1u d\u00e0i: 20m \u0110\u1ea7u v\u00f2i:\u00a0hai \u0111\u1ea7u c\u00f3 g\u1eafn kh\u1edbp n\u1ed1i \u0110\u01b0\u1eddng k\u00ednh: 50mm\/65mm Kh\u1edbp n\u1ed1i: kh\u1edbp n\u1ed1i nhanh ng\u00e0m ngo\u00e0i Xu\u1ea5t x\u1ee9: Germany \u0110\u1ee9c \u00c1p su\u1ea5t ch\u1ecbu l\u1ef1c: 17Bar L\u1edbp trong: cao su m\u1ec1m L\u1edbp ngo\u00e0i: v&#8230;<\/div>\n<\/div>\n<div class=\"form-product\">\n<form id=\"add-to-cart-form\" class=\"form-inline\" action=\"https:\/\/trungtampccc410.vn\/cart\/add\" enctype=\"multipart\/form-data\" method=\"post\">\n<div class=\"box-variant clearfix\"><\/div>\n<div class=\"button_actions\"><\/div>\n<\/form>\n<\/div>\n","protected":false},"featured_media":637,"comment_status":"open","ping_status":"closed","template":"","meta":[],"product_brand":[69],"product_cat":[23,31,68],"product_tag":[70,71],"class_list":{"0":"post-634","1":"product","2":"type-product","3":"status-publish","4":"has-post-thumbnail","6":"product_brand-eschbach-fire-hose-d50-d65","7":"product_cat-phu-kien-chua-chay","8":"product_cat-san-pham-khac","9":"product_cat-voi-chua-chay","10":"product_tag-voi-chay-duc","11":"product_tag-voi-chua-chay","13":"first","14":"instock","15":"taxable","16":"shipping-taxable","17":"purchasable","18":"product-type-simple"},"yoast_head":"<!-- This site is optimized with the Yoast SEO plugin v24.3 - https:\/\/yoast.com\/wordpress\/plugins\/seo\/ -->\n<title>Cu\u00f4\u0323n vo\u0300i ch\u01b0\u0303a cha\u0301y \u0110\u01b0\u0301c D50\/D65 - M&amp;E B\u00ccNH MINH<\/title>\n<meta name=\"robots\" content=\"index, follow, max-snippet:-1, max-image-preview:large, max-video-preview:-1\" \/>\n<link rel=\"canonical\" href=\"https:\/\/mebinhminh.fastviet.vn\/?product=cuon-voi-chua-chay-duc-d50-d65\" \/>\n<meta property=\"og:locale\" content=\"vi_VN\" \/>\n<meta property=\"og:type\" content=\"article\" \/>\n<meta property=\"og:title\" content=\"Cu\u00f4\u0323n vo\u0300i ch\u01b0\u0303a cha\u0301y \u0110\u01b0\u0301c D50\/D65 - M&amp;E B\u00ccNH MINH\" \/>\n<meta property=\"og:description\" content=\"T\u00ean ti\u1ebfng anh: Eschbach fire hose D50\/ D65 Ti\u1ebfng Vi\u1ec7t: cu\u1ed9n v\u00f2i ch\u1eefa ch\u00e1y \u0110\u1ee9c D50\/ D65 Chi\u1ec1u d\u00e0i: 20m \u0110\u1ea7u v\u00f2i:\u00a0hai \u0111\u1ea7u c\u00f3 g\u1eafn kh\u1edbp n\u1ed1i \u0110\u01b0\u1eddng k\u00ednh: 50mm\/65mm Kh\u1edbp n\u1ed1i: kh\u1edbp n\u1ed1i nhanh ng\u00e0m ngo\u00e0i Xu\u1ea5t x\u1ee9: Germany \u0110\u1ee9c \u00c1p su\u1ea5t ch\u1ecbu l\u1ef1c: 17Bar L\u1edbp trong: cao su m\u1ec1m L\u1edbp ngo\u00e0i: v...\" \/>\n<meta property=\"og:url\" content=\"https:\/\/mebinhminh.fastviet.vn\/?product=cuon-voi-chua-chay-duc-d50-d65\" \/>\n<meta property=\"og:site_name\" content=\"M&amp;E B\u00ccNH MINH\" \/>\n<meta property=\"og:image\" content=\"https:\/\/mebinhminh.fastviet.vn\/wp-content\/uploads\/2025\/02\/eschbach-fire-hose-d50-d65.jpg\" \/>\n\t<meta property=\"og:image:width\" content=\"225\" \/>\n\t<meta property=\"og:image:height\" content=\"224\" \/>\n\t<meta property=\"og:image:type\" content=\"image\/jpeg\" \/>\n<meta name=\"twitter:card\" content=\"summary_large_image\" \/>\n<meta name=\"twitter:label1\" content=\"\u01af\u1edbc t\u00ednh th\u1eddi gian \u0111\u1ecdc\" \/>\n\t<meta name=\"twitter:data1\" content=\"3 ph\u00fat\" \/>\n<script type=\"application\/ld+json\" class=\"yoast-schema-graph\">{\"@context\":\"https:\/\/schema.org\",\"@graph\":[{\"@type\":\"WebPage\",\"@id\":\"https:\/\/mebinhminh.fastviet.vn\/?product=cuon-voi-chua-chay-duc-d50-d65\",\"url\":\"https:\/\/mebinhminh.fastviet.vn\/?product=cuon-voi-chua-chay-duc-d50-d65\",\"name\":\"Cu\u00f4\u0323n vo\u0300i ch\u01b0\u0303a cha\u0301y \u0110\u01b0\u0301c D50\/D65 - M&amp;E B\u00ccNH MINH\",\"isPartOf\":{\"@id\":\"https:\/\/mebinhminh.fastviet.vn\/#website\"},\"primaryImageOfPage\":{\"@id\":\"https:\/\/mebinhminh.fastviet.vn\/?product=cuon-voi-chua-chay-duc-d50-d65#primaryimage\"},\"image\":{\"@id\":\"https:\/\/mebinhminh.fastviet.vn\/?product=cuon-voi-chua-chay-duc-d50-d65#primaryimage\"},\"thumbnailUrl\":\"https:\/\/mebinhminh.fastviet.vn\/wp-content\/uploads\/2025\/02\/eschbach-fire-hose-d50-d65.jpg\",\"datePublished\":\"2025-02-27T14:04:12+00:00\",\"dateModified\":\"2025-02-27T14:04:12+00:00\",\"breadcrumb\":{\"@id\":\"https:\/\/mebinhminh.fastviet.vn\/?product=cuon-voi-chua-chay-duc-d50-d65#breadcrumb\"},\"inLanguage\":\"vi\",\"potentialAction\":[{\"@type\":\"ReadAction\",\"target\":[\"https:\/\/mebinhminh.fastviet.vn\/?product=cuon-voi-chua-chay-duc-d50-d65\"]}]},{\"@type\":\"ImageObject\",\"inLanguage\":\"vi\",\"@id\":\"https:\/\/mebinhminh.fastviet.vn\/?product=cuon-voi-chua-chay-duc-d50-d65#primaryimage\",\"url\":\"https:\/\/mebinhminh.fastviet.vn\/wp-content\/uploads\/2025\/02\/eschbach-fire-hose-d50-d65.jpg\",\"contentUrl\":\"https:\/\/mebinhminh.fastviet.vn\/wp-content\/uploads\/2025\/02\/eschbach-fire-hose-d50-d65.jpg\",\"width\":225,\"height\":224},{\"@type\":\"BreadcrumbList\",\"@id\":\"https:\/\/mebinhminh.fastviet.vn\/?product=cuon-voi-chua-chay-duc-d50-d65#breadcrumb\",\"itemListElement\":[{\"@type\":\"ListItem\",\"position\":1,\"name\":\"Home\",\"item\":\"https:\/\/mebinhminh.fastviet.vn\/\"},{\"@type\":\"ListItem\",\"position\":2,\"name\":\"C\u1eeda h\u00e0ng\",\"item\":\"https:\/\/mebinhminh.fastviet.vn\/?page_id=5\"},{\"@type\":\"ListItem\",\"position\":3,\"name\":\"Cu\u00f4\u0323n vo\u0300i ch\u01b0\u0303a cha\u0301y \u0110\u01b0\u0301c D50\/D65\"}]},{\"@type\":\"WebSite\",\"@id\":\"https:\/\/mebinhminh.fastviet.vn\/#website\",\"url\":\"https:\/\/mebinhminh.fastviet.vn\/\",\"name\":\"M&amp;E B\u00ccNH MINH\",\"description\":\"\",\"potentialAction\":[{\"@type\":\"SearchAction\",\"target\":{\"@type\":\"EntryPoint\",\"urlTemplate\":\"https:\/\/mebinhminh.fastviet.vn\/?s={search_term_string}\"},\"query-input\":{\"@type\":\"PropertyValueSpecification\",\"valueRequired\":true,\"valueName\":\"search_term_string\"}}],\"inLanguage\":\"vi\"}]}<\/script>\n<!-- \/ Yoast SEO plugin. -->","yoast_head_json":{"title":"Cu\u00f4\u0323n vo\u0300i ch\u01b0\u0303a cha\u0301y \u0110\u01b0\u0301c D50\/D65 - M&amp;E B\u00ccNH MINH","robots":{"index":"index","follow":"follow","max-snippet":"max-snippet:-1","max-image-preview":"max-image-preview:large","max-video-preview":"max-video-preview:-1"},"canonical":"https:\/\/mebinhminh.fastviet.vn\/?product=cuon-voi-chua-chay-duc-d50-d65","og_locale":"vi_VN","og_type":"article","og_title":"Cu\u00f4\u0323n vo\u0300i ch\u01b0\u0303a cha\u0301y \u0110\u01b0\u0301c D50\/D65 - M&amp;E B\u00ccNH MINH","og_description":"T\u00ean ti\u1ebfng anh: Eschbach fire hose D50\/ D65 Ti\u1ebfng Vi\u1ec7t: cu\u1ed9n v\u00f2i ch\u1eefa ch\u00e1y \u0110\u1ee9c D50\/ D65 Chi\u1ec1u d\u00e0i: 20m \u0110\u1ea7u v\u00f2i:\u00a0hai \u0111\u1ea7u c\u00f3 g\u1eafn kh\u1edbp n\u1ed1i \u0110\u01b0\u1eddng k\u00ednh: 50mm\/65mm Kh\u1edbp n\u1ed1i: kh\u1edbp n\u1ed1i nhanh ng\u00e0m ngo\u00e0i Xu\u1ea5t x\u1ee9: Germany \u0110\u1ee9c \u00c1p su\u1ea5t ch\u1ecbu l\u1ef1c: 17Bar L\u1edbp trong: cao su m\u1ec1m L\u1edbp ngo\u00e0i: v...","og_url":"https:\/\/mebinhminh.fastviet.vn\/?product=cuon-voi-chua-chay-duc-d50-d65","og_site_name":"M&amp;E B\u00ccNH MINH","og_image":[{"width":225,"height":224,"url":"https:\/\/mebinhminh.fastviet.vn\/wp-content\/uploads\/2025\/02\/eschbach-fire-hose-d50-d65.jpg","type":"image\/jpeg"}],"twitter_card":"summary_large_image","twitter_misc":{"\u01af\u1edbc t\u00ednh th\u1eddi gian \u0111\u1ecdc":"3 ph\u00fat"},"schema":{"@context":"https:\/\/schema.org","@graph":[{"@type":"WebPage","@id":"https:\/\/mebinhminh.fastviet.vn\/?product=cuon-voi-chua-chay-duc-d50-d65","url":"https:\/\/mebinhminh.fastviet.vn\/?product=cuon-voi-chua-chay-duc-d50-d65","name":"Cu\u00f4\u0323n vo\u0300i ch\u01b0\u0303a cha\u0301y \u0110\u01b0\u0301c D50\/D65 - M&amp;E B\u00ccNH MINH","isPartOf":{"@id":"https:\/\/mebinhminh.fastviet.vn\/#website"},"primaryImageOfPage":{"@id":"https:\/\/mebinhminh.fastviet.vn\/?product=cuon-voi-chua-chay-duc-d50-d65#primaryimage"},"image":{"@id":"https:\/\/mebinhminh.fastviet.vn\/?product=cuon-voi-chua-chay-duc-d50-d65#primaryimage"},"thumbnailUrl":"https:\/\/mebinhminh.fastviet.vn\/wp-content\/uploads\/2025\/02\/eschbach-fire-hose-d50-d65.jpg","datePublished":"2025-02-27T14:04:12+00:00","dateModified":"2025-02-27T14:04:12+00:00","breadcrumb":{"@id":"https:\/\/mebinhminh.fastviet.vn\/?product=cuon-voi-chua-chay-duc-d50-d65#breadcrumb"},"inLanguage":"vi","potentialAction":[{"@type":"ReadAction","target":["https:\/\/mebinhminh.fastviet.vn\/?product=cuon-voi-chua-chay-duc-d50-d65"]}]},{"@type":"ImageObject","inLanguage":"vi","@id":"https:\/\/mebinhminh.fastviet.vn\/?product=cuon-voi-chua-chay-duc-d50-d65#primaryimage","url":"https:\/\/mebinhminh.fastviet.vn\/wp-content\/uploads\/2025\/02\/eschbach-fire-hose-d50-d65.jpg","contentUrl":"https:\/\/mebinhminh.fastviet.vn\/wp-content\/uploads\/2025\/02\/eschbach-fire-hose-d50-d65.jpg","width":225,"height":224},{"@type":"BreadcrumbList","@id":"https:\/\/mebinhminh.fastviet.vn\/?product=cuon-voi-chua-chay-duc-d50-d65#breadcrumb","itemListElement":[{"@type":"ListItem","position":1,"name":"Home","item":"https:\/\/mebinhminh.fastviet.vn\/"},{"@type":"ListItem","position":2,"name":"C\u1eeda h\u00e0ng","item":"https:\/\/mebinhminh.fastviet.vn\/?page_id=5"},{"@type":"ListItem","position":3,"name":"Cu\u00f4\u0323n vo\u0300i ch\u01b0\u0303a cha\u0301y \u0110\u01b0\u0301c D50\/D65"}]},{"@type":"WebSite","@id":"https:\/\/mebinhminh.fastviet.vn\/#website","url":"https:\/\/mebinhminh.fastviet.vn\/","name":"M&amp;E B\u00ccNH MINH","description":"","potentialAction":[{"@type":"SearchAction","target":{"@type":"EntryPoint","urlTemplate":"https:\/\/mebinhminh.fastviet.vn\/?s={search_term_string}"},"query-input":{"@type":"PropertyValueSpecification","valueRequired":true,"valueName":"search_term_string"}}],"inLanguage":"vi"}]}},"jetpack_sharing_enabled":true,"_links":{"self":[{"href":"https:\/\/mebinhminh.fastviet.vn\/index.php?rest_route=\/wp\/v2\/product\/634","targetHints":{"allow":["GET"]}}],"collection":[{"href":"https:\/\/mebinhminh.fastviet.vn\/index.php?rest_route=\/wp\/v2\/product"}],"about":[{"href":"https:\/\/mebinhminh.fastviet.vn\/index.php?rest_route=\/wp\/v2\/types\/product"}],"replies":[{"embeddable":true,"href":"https:\/\/mebinhminh.fastviet.vn\/index.php?rest_route=%2Fwp%2Fv2%2Fcomments&post=634"}],"version-history":[{"count":1,"href":"https:\/\/mebinhminh.fastviet.vn\/index.php?rest_route=\/wp\/v2\/product\/634\/revisions"}],"predecessor-version":[{"id":638,"href":"https:\/\/mebinhminh.fastviet.vn\/index.php?rest_route=\/wp\/v2\/product\/634\/revisions\/638"}],"wp:featuredmedia":[{"embeddable":true,"href":"https:\/\/mebinhminh.fastviet.vn\/index.php?rest_route=\/wp\/v2\/media\/637"}],"wp:attachment":[{"href":"https:\/\/mebinhminh.fastviet.vn\/index.php?rest_route=%2Fwp%2Fv2%2Fmedia&parent=634"}],"wp:term":[{"taxonomy":"product_brand","embeddable":true,"href":"https:\/\/mebinhminh.fastviet.vn\/index.php?rest_route=%2Fwp%2Fv2%2Fproduct_brand&post=634"},{"taxonomy":"product_cat","embeddable":true,"href":"https:\/\/mebinhminh.fastviet.vn\/index.php?rest_route=%2Fwp%2Fv2%2Fproduct_cat&post=634"},{"taxonomy":"product_tag","embeddable":true,"href":"https:\/\/mebinhminh.fastviet.vn\/index.php?rest_route=%2Fwp%2Fv2%2Fproduct_tag&post=634"}],"curies":[{"name":"wp","href":"https:\/\/api.w.org\/{rel}","templated":true}]}}