{"id":648,"date":"2025-03-03T08:10:25","date_gmt":"2025-03-03T01:10:25","guid":{"rendered":"https:\/\/mebinhminh.fastviet.vn\/?post_type=product&#038;p=648"},"modified":"2025-03-03T10:10:16","modified_gmt":"2025-03-03T03:10:16","slug":"648","status":"publish","type":"product","link":"https:\/\/mebinhminh.fastviet.vn\/?product=648","title":{"rendered":"Bo m\u1ea1ch 16 ng\u00f5 v\u00e0o\/ra"},"content":{"rendered":"<div class=\"info_tit\">Th\u00f4ng tin chi ti\u1ebft<\/div>\n<div class=\"info_view\">\n<p>Board FN-4127-IO \u0111\u01b0\u1ee3c thi\u1ebft k\u1ebf nh\u1eb1m m\u1ee5c \u0111\u00edch m\u1edf r\u1ed9ng th\u00eam c\u00e1c ng\u00f5 v\u00e0o\/ra k\u1ebft n\u1ed1i \u0111\u1ebfn c\u00e1c h\u1ec7 th\u1ed1ng kh\u00e1c. V\u1edbi c\u00e1c \u01b0u \u0111i\u1ec3m k\u1ebft n\u1ed1i t\u1eadp trung, c\u00f3 th\u1ec3 cung c\u1ea5p v\u00e0o ho\u1eb7c ra linh ho\u1ea1t, k\u1ecbch b\u1ea3n ch\u1ea1y \u0111\u01b0\u1ee3c l\u1eadp tr\u00ecnh theo \u201cCause &amp; Effect\u201d \u0111a d\u1ea1ng. Board FN-4127-IO c\u00f3 th\u1ec3 g\u1eafn tr\u1ef1c ti\u1ebfp v\u00e0o t\u1ee7 FireNET m\u00e0 kh\u00f4ng c\u1ea7n th\u00eam b\u1ea5t c\u1ee9 ph\u1ee5 ki\u1ec7n hay board h\u1ed7 tr\u1ee3 n\u00e0o.<\/p>\n<p><strong>\u00a0C\u00e1c t\u00ednh n\u0103ng ti\u00eau chu\u1ea9n:<\/strong><\/p>\n<p>+ 16 k\u00eanh v\u00e0o\/ ra.<\/p>\n<p>+ G\u1eafn v\u00e0o \u0111\u01b0\u1eddng truy\u1ec1n ph\u1ee5 c\u1ee7a c\u1ed5ng FireNet RS-485<\/p>\n<p>+ G\u1eafn \u0111\u01b0\u1ee3c t\u1ed1i \u0111a 32 board cho m\u1ed7i t\u1ee7 (T\u1ed5ng c\u1ed9ng l\u00ean \u0111\u1ebfn 512 k\u00eanh I\/O).<\/p>\n<p>+ M\u1ed7i k\u00eanh c\u00f3 th\u1ec3 l\u1eadp tr\u00ecnh l\u00e0 ng\u00f5 v\u00e0o hay ra ho\u00e0n to\u00e0n \u0111\u1ed9c l\u1eadp nhau, k\u1ecbch b\u1ea3n ch\u1ea1y \u0111a d\u1ea1ng. \u0111\u01b0\u1ee3c l\u1eadp tr\u00ecnh theo \u201cCause &amp; Effect\u201d<\/p>\n<p>+ Ng\u00f5 v\u00e0o l\u00e0 d\u1ea1ng opto \u2013 kh\u00f4ng gi\u00e1m s\u00e1t \u2013 r\u00fat d\u00f2ng d\u00f9ng \u0111\u1ec3 gi\u00e1m s\u00e1t c\u00e1c ti\u1ebfp \u0111i\u1ec3m kh\u00f4<\/p>\n<p>+ Ng\u00f5 ra l\u00e0 d\u1ea1ng transistor \u2013 \u0111i\u1ec7n \u00e1p, cho ph\u00e9p c\u1ea5p d\u00f2ng t\u1ed1i \u0111a 100mA\/ 1 ng\u00f5 v\u00e0 500mA cho to\u00e0n board m\u1ea1ch.<\/p>\n<p>+ C\u00f3 th\u1ec3 g\u1eafn b\u00ean trong t\u1ee7 ho\u1eb7c g\u1eafn ngo\u00e0i t\u1ee7 v\u1edbi kho\u1ea3ng c\u00e1ch t\u1ed1i \u0111a 4000feet (1219m) v\u1edbi \u0111i\u1ec1u ki\u1ec7n d\u00e2y xo\u1eafn \u0111\u00f4i b\u1ecdc gi\u00e1p, ch\u1ed1ng nhi\u1ec5u (D\u00e2y truy\u1ec1n RS-485)<\/p>\n<p>+ K\u1ebft n\u1ed1i \u0111\u01a1n gi\u1ea3n ch\u1ec9 4 d\u00e2y gi\u1eefa board v\u00e0 t\u1ee7 trung t\u00e2m g\u1ed3m 2 d\u00e2y ngu\u1ed3n v\u00e0 2 d\u00e2y t\u00edn hi\u1ec7u<\/p>\n<p>+ C\u00f3 2 led b\u00e1o tr\u1ea1ng th\u00e1i truy\u1ec1n nh\u1eadn t\u00edn hi\u1ec7u.<\/p>\n<p>+ S\u1eed d\u1ee5ng nh\u01b0 m\u1ea1ch ph\u1ee5, kh\u00f4ng th\u1ec3 d\u00f9ng thay th\u1ebf m\u1ea1ch ch\u00ednh \u0111\u1ec3 k\u00e9o c\u00f2i, chu\u00f4ng, c\u00e1c thi\u1ebft b\u1ecb c\u1ea3nh b\u00e1o.<\/p>\n<p>&nbsp;<\/p>\n<p><strong>Thi\u1ebft b\u1ecb t\u01b0\u01a1ng th\u00edch: FN-2127\/FN-2127N\/FN-4127\/FN-4127N<\/strong>,\u00a0<strong>FN-6127\/FN-8127<\/strong>,\u00a0<strong>FNP-1127\/FNP-1127E<\/strong>,\u00a0<strong>FN-LCD-N<\/strong><\/p>\n<\/div>\n","protected":false},"excerpt":{"rendered":"<ul class=\"product_info\">\n<li>\n<p class=\"text-justify\">Bo m\u1ea1ch 16 ng\u00f5 v\u00e0o ra cho t\u1ee7 FireNET FN-4127-IO l\u00e0 m\u1ed9t bo m\u1ea1ch g\u1ed3m 16 k\u00eanh v\u00e0o\/ra cung c\u1ea5p kh\u1ea3 n\u0103ng m\u1edf r\u1ed9ng v\u00e0 b\u1ed5 sung ng\u00f5 v\u00e0o\/ra cho h\u1ec7 th\u1ed1ng b\u00e1o ch\u00e1y FireNET \u0111\u1ec3 hi\u1ec3n th\u1ecb tr\u1ea1ng th\u00e1i b\u00e1o ch\u00e1y tr\u00ean bi\u1ec3u \u0111\u1ed3, b\u1ea3ng hi\u1ec3n th\u1ecb LED ho\u1eb7c k\u1ebft n\u1ed1i c\u00e1c h\u1ec7 th\u1ed1ng kh\u00e1c: b\u00e1o tr\u1ed9m, CCTV, intercom \u2026. FN-4127-IO cho ph\u00e9p k\u1ebft n\u1ed1i l\u00ean \u0111\u1ebfn 32 bo m\u1ea1ch I\/O v\u1edbi m\u1ed7i t\u1ee7 trong m\u1ea1ng FireNET<\/p>\n<\/li>\n<li><strong class=\"code_detail\">Nh\u00e0 s\u1ea3n xu\u1ea5t:\u00a0<\/strong>Hochiki<\/li>\n<li><strong class=\"code_detail\">Xu\u1ea5t x\u1ee9:\u00a0<\/strong>M\u1ef9<\/li>\n<\/ul>\n","protected":false},"featured_media":649,"comment_status":"open","ping_status":"closed","template":"","meta":[],"product_brand":[72],"product_cat":[73,31],"product_tag":[74,75],"class_list":{"0":"post-648","1":"product","2":"type-product","3":"status-publish","4":"has-post-thumbnail","6":"product_brand-hochiki","7":"product_cat-lap-dat-thiet-bi-pccc","8":"product_cat-san-pham-khac","9":"product_tag-hochiki","10":"product_tag-lap-dat-thiet-bi-pccc","12":"first","13":"instock","14":"taxable","15":"shipping-taxable","16":"purchasable","17":"product-type-simple"},"yoast_head":"<!-- This site is optimized with the Yoast SEO plugin v24.3 - https:\/\/yoast.com\/wordpress\/plugins\/seo\/ -->\n<title>Bo m\u1ea1ch 16 ng\u00f5 v\u00e0o\/ra - M&amp;E B\u00ccNH MINH<\/title>\n<meta name=\"robots\" content=\"index, follow, max-snippet:-1, max-image-preview:large, max-video-preview:-1\" \/>\n<link rel=\"canonical\" href=\"https:\/\/mebinhminh.fastviet.vn\/?product=648\" \/>\n<meta property=\"og:locale\" content=\"vi_VN\" \/>\n<meta property=\"og:type\" content=\"article\" \/>\n<meta property=\"og:title\" content=\"Bo m\u1ea1ch 16 ng\u00f5 v\u00e0o\/ra - M&amp;E B\u00ccNH MINH\" \/>\n<meta property=\"og:description\" content=\"Bo m\u1ea1ch 16 ng\u00f5 v\u00e0o ra cho t\u1ee7 FireNET FN-4127-IO l\u00e0 m\u1ed9t bo m\u1ea1ch g\u1ed3m 16 k\u00eanh v\u00e0o\/ra cung c\u1ea5p kh\u1ea3 n\u0103ng m\u1edf r\u1ed9ng v\u00e0 b\u1ed5 sung ng\u00f5 v\u00e0o\/ra cho h\u1ec7 th\u1ed1ng b\u00e1o ch\u00e1y FireNET \u0111\u1ec3 hi\u1ec3n th\u1ecb tr\u1ea1ng th\u00e1i b\u00e1o ch\u00e1y tr\u00ean bi\u1ec3u \u0111\u1ed3, b\u1ea3ng hi\u1ec3n th\u1ecb LED ho\u1eb7c k\u1ebft n\u1ed1i c\u00e1c h\u1ec7 th\u1ed1ng kh\u00e1c: b\u00e1o tr\u1ed9m, CCTV, intercom \u2026. FN-4127-IO cho ph\u00e9p k\u1ebft n\u1ed1i l\u00ean \u0111\u1ebfn 32 bo m\u1ea1ch I\/O v\u1edbi m\u1ed7i t\u1ee7 trong m\u1ea1ng FireNET   Nh\u00e0 s\u1ea3n xu\u1ea5t:\u00a0Hochiki  Xu\u1ea5t x\u1ee9:\u00a0M\u1ef9\" \/>\n<meta property=\"og:url\" content=\"https:\/\/mebinhminh.fastviet.vn\/?product=648\" \/>\n<meta property=\"og:site_name\" content=\"M&amp;E B\u00ccNH MINH\" \/>\n<meta property=\"article:modified_time\" content=\"2025-03-03T03:10:16+00:00\" \/>\n<meta property=\"og:image\" content=\"https:\/\/mebinhminh.fastviet.vn\/wp-content\/uploads\/2025\/03\/FN-4127-IOL.jpg\" \/>\n\t<meta property=\"og:image:width\" content=\"310\" \/>\n\t<meta property=\"og:image:height\" content=\"270\" \/>\n\t<meta property=\"og:image:type\" content=\"image\/jpeg\" \/>\n<meta name=\"twitter:card\" content=\"summary_large_image\" \/>\n<meta name=\"twitter:label1\" content=\"\u01af\u1edbc t\u00ednh th\u1eddi gian \u0111\u1ecdc\" \/>\n\t<meta name=\"twitter:data1\" content=\"2 ph\u00fat\" \/>\n<script type=\"application\/ld+json\" class=\"yoast-schema-graph\">{\"@context\":\"https:\/\/schema.org\",\"@graph\":[{\"@type\":\"WebPage\",\"@id\":\"https:\/\/mebinhminh.fastviet.vn\/?product=648\",\"url\":\"https:\/\/mebinhminh.fastviet.vn\/?product=648\",\"name\":\"Bo m\u1ea1ch 16 ng\u00f5 v\u00e0o\/ra - M&amp;E B\u00ccNH MINH\",\"isPartOf\":{\"@id\":\"https:\/\/mebinhminh.fastviet.vn\/#website\"},\"primaryImageOfPage\":{\"@id\":\"https:\/\/mebinhminh.fastviet.vn\/?product=648#primaryimage\"},\"image\":{\"@id\":\"https:\/\/mebinhminh.fastviet.vn\/?product=648#primaryimage\"},\"thumbnailUrl\":\"https:\/\/mebinhminh.fastviet.vn\/wp-content\/uploads\/2025\/03\/FN-4127-IOL.jpg\",\"datePublished\":\"2025-03-03T01:10:25+00:00\",\"dateModified\":\"2025-03-03T03:10:16+00:00\",\"breadcrumb\":{\"@id\":\"https:\/\/mebinhminh.fastviet.vn\/?product=648#breadcrumb\"},\"inLanguage\":\"vi\",\"potentialAction\":[{\"@type\":\"ReadAction\",\"target\":[\"https:\/\/mebinhminh.fastviet.vn\/?product=648\"]}]},{\"@type\":\"ImageObject\",\"inLanguage\":\"vi\",\"@id\":\"https:\/\/mebinhminh.fastviet.vn\/?product=648#primaryimage\",\"url\":\"https:\/\/mebinhminh.fastviet.vn\/wp-content\/uploads\/2025\/03\/FN-4127-IOL.jpg\",\"contentUrl\":\"https:\/\/mebinhminh.fastviet.vn\/wp-content\/uploads\/2025\/03\/FN-4127-IOL.jpg\",\"width\":310,\"height\":270},{\"@type\":\"BreadcrumbList\",\"@id\":\"https:\/\/mebinhminh.fastviet.vn\/?product=648#breadcrumb\",\"itemListElement\":[{\"@type\":\"ListItem\",\"position\":1,\"name\":\"Home\",\"item\":\"https:\/\/mebinhminh.fastviet.vn\/\"},{\"@type\":\"ListItem\",\"position\":2,\"name\":\"C\u1eeda h\u00e0ng\",\"item\":\"https:\/\/mebinhminh.fastviet.vn\/?page_id=5\"},{\"@type\":\"ListItem\",\"position\":3,\"name\":\"Bo m\u1ea1ch 16 ng\u00f5 v\u00e0o\/ra\"}]},{\"@type\":\"WebSite\",\"@id\":\"https:\/\/mebinhminh.fastviet.vn\/#website\",\"url\":\"https:\/\/mebinhminh.fastviet.vn\/\",\"name\":\"M&amp;E B\u00ccNH MINH\",\"description\":\"\",\"potentialAction\":[{\"@type\":\"SearchAction\",\"target\":{\"@type\":\"EntryPoint\",\"urlTemplate\":\"https:\/\/mebinhminh.fastviet.vn\/?s={search_term_string}\"},\"query-input\":{\"@type\":\"PropertyValueSpecification\",\"valueRequired\":true,\"valueName\":\"search_term_string\"}}],\"inLanguage\":\"vi\"}]}<\/script>\n<!-- \/ Yoast SEO plugin. -->","yoast_head_json":{"title":"Bo m\u1ea1ch 16 ng\u00f5 v\u00e0o\/ra - M&amp;E B\u00ccNH MINH","robots":{"index":"index","follow":"follow","max-snippet":"max-snippet:-1","max-image-preview":"max-image-preview:large","max-video-preview":"max-video-preview:-1"},"canonical":"https:\/\/mebinhminh.fastviet.vn\/?product=648","og_locale":"vi_VN","og_type":"article","og_title":"Bo m\u1ea1ch 16 ng\u00f5 v\u00e0o\/ra - M&amp;E B\u00ccNH MINH","og_description":"Bo m\u1ea1ch 16 ng\u00f5 v\u00e0o ra cho t\u1ee7 FireNET FN-4127-IO l\u00e0 m\u1ed9t bo m\u1ea1ch g\u1ed3m 16 k\u00eanh v\u00e0o\/ra cung c\u1ea5p kh\u1ea3 n\u0103ng m\u1edf r\u1ed9ng v\u00e0 b\u1ed5 sung ng\u00f5 v\u00e0o\/ra cho h\u1ec7 th\u1ed1ng b\u00e1o ch\u00e1y FireNET \u0111\u1ec3 hi\u1ec3n th\u1ecb tr\u1ea1ng th\u00e1i b\u00e1o ch\u00e1y tr\u00ean bi\u1ec3u \u0111\u1ed3, b\u1ea3ng hi\u1ec3n th\u1ecb LED ho\u1eb7c k\u1ebft n\u1ed1i c\u00e1c h\u1ec7 th\u1ed1ng kh\u00e1c: b\u00e1o tr\u1ed9m, CCTV, intercom \u2026. FN-4127-IO cho ph\u00e9p k\u1ebft n\u1ed1i l\u00ean \u0111\u1ebfn 32 bo m\u1ea1ch I\/O v\u1edbi m\u1ed7i t\u1ee7 trong m\u1ea1ng FireNET   Nh\u00e0 s\u1ea3n xu\u1ea5t:\u00a0Hochiki  Xu\u1ea5t x\u1ee9:\u00a0M\u1ef9","og_url":"https:\/\/mebinhminh.fastviet.vn\/?product=648","og_site_name":"M&amp;E B\u00ccNH MINH","article_modified_time":"2025-03-03T03:10:16+00:00","og_image":[{"width":310,"height":270,"url":"https:\/\/mebinhminh.fastviet.vn\/wp-content\/uploads\/2025\/03\/FN-4127-IOL.jpg","type":"image\/jpeg"}],"twitter_card":"summary_large_image","twitter_misc":{"\u01af\u1edbc t\u00ednh th\u1eddi gian \u0111\u1ecdc":"2 ph\u00fat"},"schema":{"@context":"https:\/\/schema.org","@graph":[{"@type":"WebPage","@id":"https:\/\/mebinhminh.fastviet.vn\/?product=648","url":"https:\/\/mebinhminh.fastviet.vn\/?product=648","name":"Bo m\u1ea1ch 16 ng\u00f5 v\u00e0o\/ra - M&amp;E B\u00ccNH MINH","isPartOf":{"@id":"https:\/\/mebinhminh.fastviet.vn\/#website"},"primaryImageOfPage":{"@id":"https:\/\/mebinhminh.fastviet.vn\/?product=648#primaryimage"},"image":{"@id":"https:\/\/mebinhminh.fastviet.vn\/?product=648#primaryimage"},"thumbnailUrl":"https:\/\/mebinhminh.fastviet.vn\/wp-content\/uploads\/2025\/03\/FN-4127-IOL.jpg","datePublished":"2025-03-03T01:10:25+00:00","dateModified":"2025-03-03T03:10:16+00:00","breadcrumb":{"@id":"https:\/\/mebinhminh.fastviet.vn\/?product=648#breadcrumb"},"inLanguage":"vi","potentialAction":[{"@type":"ReadAction","target":["https:\/\/mebinhminh.fastviet.vn\/?product=648"]}]},{"@type":"ImageObject","inLanguage":"vi","@id":"https:\/\/mebinhminh.fastviet.vn\/?product=648#primaryimage","url":"https:\/\/mebinhminh.fastviet.vn\/wp-content\/uploads\/2025\/03\/FN-4127-IOL.jpg","contentUrl":"https:\/\/mebinhminh.fastviet.vn\/wp-content\/uploads\/2025\/03\/FN-4127-IOL.jpg","width":310,"height":270},{"@type":"BreadcrumbList","@id":"https:\/\/mebinhminh.fastviet.vn\/?product=648#breadcrumb","itemListElement":[{"@type":"ListItem","position":1,"name":"Home","item":"https:\/\/mebinhminh.fastviet.vn\/"},{"@type":"ListItem","position":2,"name":"C\u1eeda h\u00e0ng","item":"https:\/\/mebinhminh.fastviet.vn\/?page_id=5"},{"@type":"ListItem","position":3,"name":"Bo m\u1ea1ch 16 ng\u00f5 v\u00e0o\/ra"}]},{"@type":"WebSite","@id":"https:\/\/mebinhminh.fastviet.vn\/#website","url":"https:\/\/mebinhminh.fastviet.vn\/","name":"M&amp;E B\u00ccNH MINH","description":"","potentialAction":[{"@type":"SearchAction","target":{"@type":"EntryPoint","urlTemplate":"https:\/\/mebinhminh.fastviet.vn\/?s={search_term_string}"},"query-input":{"@type":"PropertyValueSpecification","valueRequired":true,"valueName":"search_term_string"}}],"inLanguage":"vi"}]}},"jetpack_sharing_enabled":true,"_links":{"self":[{"href":"https:\/\/mebinhminh.fastviet.vn\/index.php?rest_route=\/wp\/v2\/product\/648","targetHints":{"allow":["GET"]}}],"collection":[{"href":"https:\/\/mebinhminh.fastviet.vn\/index.php?rest_route=\/wp\/v2\/product"}],"about":[{"href":"https:\/\/mebinhminh.fastviet.vn\/index.php?rest_route=\/wp\/v2\/types\/product"}],"replies":[{"embeddable":true,"href":"https:\/\/mebinhminh.fastviet.vn\/index.php?rest_route=%2Fwp%2Fv2%2Fcomments&post=648"}],"version-history":[{"count":2,"href":"https:\/\/mebinhminh.fastviet.vn\/index.php?rest_route=\/wp\/v2\/product\/648\/revisions"}],"predecessor-version":[{"id":679,"href":"https:\/\/mebinhminh.fastviet.vn\/index.php?rest_route=\/wp\/v2\/product\/648\/revisions\/679"}],"wp:featuredmedia":[{"embeddable":true,"href":"https:\/\/mebinhminh.fastviet.vn\/index.php?rest_route=\/wp\/v2\/media\/649"}],"wp:attachment":[{"href":"https:\/\/mebinhminh.fastviet.vn\/index.php?rest_route=%2Fwp%2Fv2%2Fmedia&parent=648"}],"wp:term":[{"taxonomy":"product_brand","embeddable":true,"href":"https:\/\/mebinhminh.fastviet.vn\/index.php?rest_route=%2Fwp%2Fv2%2Fproduct_brand&post=648"},{"taxonomy":"product_cat","embeddable":true,"href":"https:\/\/mebinhminh.fastviet.vn\/index.php?rest_route=%2Fwp%2Fv2%2Fproduct_cat&post=648"},{"taxonomy":"product_tag","embeddable":true,"href":"https:\/\/mebinhminh.fastviet.vn\/index.php?rest_route=%2Fwp%2Fv2%2Fproduct_tag&post=648"}],"curies":[{"name":"wp","href":"https:\/\/api.w.org\/{rel}","templated":true}]}}