{"id":778,"date":"2025-03-10T08:41:36","date_gmt":"2025-03-10T01:41:36","guid":{"rendered":"https:\/\/mebinhminh.fastviet.vn\/?post_type=product&#038;p=778"},"modified":"2025-03-10T08:43:50","modified_gmt":"2025-03-10T01:43:50","slug":"binh-chua-chay-xe-day-bot-bc-35kg-dragon-mftz35","status":"publish","type":"product","link":"https:\/\/mebinhminh.fastviet.vn\/?product=binh-chua-chay-xe-day-bot-bc-35kg-dragon-mftz35","title":{"rendered":"B\u00ecnh ch\u1eefa ch\u00e1y xe \u0111\u1ea9y b\u1ed9t BC 35kg Dragon MFTZ35"},"content":{"rendered":"<p><a href=\"https:\/\/pccctb.com\/binh-chua-chay\/\" target=\"_self\" data-ail=\"234\">B\u00ecnh ch\u1eefa ch\u00e1y<\/a>\u00a0xe \u0111\u1ea9y b\u1ed9t\u00a0<a href=\"https:\/\/pccctb.com\/thuong-hieu\/dragon\/\" target=\"_self\" data-ail=\"234\">Dragon<\/a>\u00a0MFTZ35 BC 35kg l\u00e0 thi\u1ebft b\u1ecb ph\u00f2ng ch\u00e1y ch\u1eefa ch\u00e1y chuy\u00ean d\u1ee5ng cho c\u00e1c khu v\u1ef1c r\u1ed9ng l\u1edbn nh\u01b0 nh\u00e0 kho, nh\u00e0 x\u01b0\u1edfng, khu c\u00f4ng nghi\u1ec7p,\u2026 B\u00ecnh c\u00f3 dung t\u00edch l\u1edbn 35kg b\u1ed9t BC, s\u1eed d\u1ee5ng kh\u00ed N2 \u0111\u1ec3 \u0111\u1ea9y b\u1ed9t ra ngo\u00e0i, gi\u00fap d\u1eadp t\u1eaft \u0111\u00e1m ch\u00e1y hi\u1ec7u qu\u1ea3. B\u00ecnh\u00a0<a href=\"https:\/\/pccctb.com\/thuong-hieu\/dragon\/\" target=\"_self\" data-ail=\"234\">Dragon<\/a>\u00a0MFTZ35 \u0111\u01b0\u1ee3c trang b\u1ecb b\u00e1nh xe b\u1eb1ng cao su \u0111\u1ec3 ti\u1ec7n l\u1ee3i cho vi\u1ec7c di chuy\u1ec3n khi ch\u1eefa ch\u00e1y, c\u0169ng v\u00ec c\u00f3 k\u00edch th\u01b0\u1edbc l\u1edbn n\u00ean b\u00ecnh \u0111\u01b0\u1ee3c trang b\u1ecb h\u1ec7 th\u1ed1ng d\u00e2y phun d\u00e0i g\u1ea7n 3m k\u00e8m s\u00fang phun linh ho\u1ea1t ti\u1ec7n l\u1ee3i d\u1eadp l\u1eeda.<\/p>\n<p>Xe \u0111\u1ea9y ch\u1eefa ch\u00e1y\u00a0<a href=\"https:\/\/pccctb.com\/thuong-hieu\/dragon\/\" target=\"_self\" data-ail=\"234\">Dragon<\/a>\u00a0Powder MFTZ35 l\u00e0 m\u1ed9t lo\u1ea1i\u00a0<a href=\"https:\/\/pccctb.com\/thiet-bi-chua-chay\/\" target=\"_self\" data-ail=\"234\">thi\u1ebft b\u1ecb ch\u1eefa ch\u00e1y<\/a>\u00a0di \u0111\u1ed9ng \u0111\u01b0\u1ee3c thi\u1ebft k\u1ebf \u0111\u1ec3 ch\u1eefa ch\u00e1y c\u00e1c \u0111\u00e1m ch\u00e1y l\u1edbn v\u00e0 c\u1ea7n ph\u1ea3i x\u1eed l\u00fd nhanh ch\u00f3ng.<\/p>\n<figure id=\"attachment_5144\" class=\"wp-caption aligncenter\" aria-describedby=\"caption-attachment-5144\"><\/figure>\n<h3><span id=\"thong-tin-san-pham\" class=\"ez-toc-section\"><\/span>Th\u00f4ng tin s\u1ea3n ph\u1ea9m<\/h3>\n<table>\n<tbody>\n<tr>\n<td>M\u00e3 s\u1ea3n ph\u1ea9m<\/td>\n<td>MFTZ35<\/td>\n<\/tr>\n<tr>\n<td>H\u00e3ng s\u1ea3n xu\u1ea5t<\/td>\n<td>Dragon Powder<\/td>\n<\/tr>\n<tr>\n<td>Xu\u1ea5t x\u1ee9<\/td>\n<td>Vi\u1ec7t Nam<\/td>\n<\/tr>\n<tr>\n<td>Dung t\u00edch<\/td>\n<td>35kg<\/td>\n<\/tr>\n<tr>\n<td>Tr\u1ecdng l\u01b0\u1ee3ng<\/td>\n<td>60 \u00b1 2kg (c\u1ea3 v\u1ecf b\u00ecnh)<\/td>\n<\/tr>\n<tr>\n<td>Lo\u1ea1i b\u00ecnh<\/td>\n<td><a href=\"https:\/\/pccctb.com\/binh-chua-chay\/\" target=\"_self\" data-ail=\"234\">B\u00ecnh ch\u1eefa ch\u00e1y<\/a>\u00a0b\u1ed9t BC<\/td>\n<\/tr>\n<tr>\n<td>\u00c1p su\u1ea5t l\u00e0m vi\u1ec7c<\/td>\n<td>1.2 \u2013 1.5 Mpa<\/td>\n<\/tr>\n<tr>\n<td>Th\u1eddi gian phun<\/td>\n<td>\u2265 60 gi\u00e2y<\/td>\n<\/tr>\n<tr>\n<td>C\u1ef1 ly phun<\/td>\n<td>T\u1eeb 6 \u2013 8 m\u00e9t<\/td>\n<\/tr>\n<tr>\n<td>K\u00edch th\u01b0\u1edbc<\/td>\n<td>Cao 1200mm, \u00d8 350mm<\/td>\n<\/tr>\n<tr>\n<td>Hi\u1ec7u qu\u1ea3 ch\u1eefa ch\u00e1y<\/td>\n<td>144B.C<\/td>\n<\/tr>\n<tr>\n<td>Ph\u1ee5 ki\u1ec7n<\/td>\n<td>V\u00f2i loa + 3m d\u00e2y phun<\/td>\n<\/tr>\n<tr>\n<td>Ch\u1ee9ng nh\u1eadn<\/td>\n<td>Ki\u1ec3m \u0111\u1ecbnh an to\u00e0n\u00a0<a href=\"https:\/\/pccctb.com\/\" target=\"_self\" data-ail=\"234\">PCCC<\/a><\/td>\n<\/tr>\n<tr>\n<td>B\u1ea3o h\u00e0nh<\/td>\n<td>12 th\u00e1ng<\/td>\n<\/tr>\n<\/tbody>\n<\/table>\n<h3><span id=\"cong-dung-binh-chua-chay-mftz35\" class=\"ez-toc-section\"><\/span>C\u00f4ng d\u1ee5ng b\u00ecnh ch\u1eefa ch\u00e1y MFTZ35<\/h3>\n<p>\u0110\u01b0\u1ee3c s\u1eed d\u1ee5ng r\u1ed9ng r\u00e3i trong c\u00e1c c\u00f4ng tr\u00ecnh cho c\u00e1c khu v\u1ef1c r\u1ed9ng l\u1edbn nh\u01b0 nh\u00e0 kho, nh\u00e0 x\u01b0\u1edfng, khu c\u00f4ng nghi\u1ec7p,\u2026<\/p>\n<ul data-sourcepos=\"24:1-28:0\">\n<li data-sourcepos=\"24:1-24:60\">D\u1eadp t\u1eaft c\u00e1c \u0111\u00e1m ch\u00e1y do ch\u1ea5t r\u1eafn nh\u01b0 g\u1ed7, gi\u1ea5y, v\u1ea3i, than,\u2026<\/li>\n<li data-sourcepos=\"25:1-25:60\">D\u1eadp t\u1eaft \u0111\u00e1m ch\u00e1y do ch\u1ea5t l\u1ecfng d\u1ec5 ch\u00e1y nh\u01b0 x\u0103ng, d\u1ea7u, c\u1ed3n,\u2026<\/li>\n<li data-sourcepos=\"26:1-26:36\">D\u1eadp t\u1eaft \u0111\u00e1m ch\u00e1y do kh\u00ed \u0111\u1ed1t, gas,\u2026<\/li>\n<li data-sourcepos=\"27:1-28:0\">S\u1eed d\u1ee5ng hi\u1ec7u qu\u1ea3 cho c\u00e1c \u0111\u00e1m ch\u00e1y l\u1edbn v\u00e0 trung b\u00ecnh<\/li>\n<\/ul>\n<h3><span id=\"dac-diem-binh-dragon-powder-mftz35\" class=\"ez-toc-section\"><\/span>\u0110\u1eb7c \u0111i\u1ec3m b\u00ecnh Dragon Powder MFTZ35<\/h3>\n<ol>\n<li><strong>Lo\u1ea1i ch\u1ea5t ch\u1eefa ch\u00e1y<\/strong>: S\u1eed d\u1ee5ng b\u1ed9t ch\u1eefa ch\u00e1y lo\u1ea1i BC, c\u00f3 kh\u1ea3 n\u0103ng ch\u1eefa ch\u00e1y c\u00e1c lo\u1ea1i ch\u1ea5t l\u1ecfng v\u00e0 ch\u1ea5t r\u1eafn. B\u1ed9t ch\u1eefa ch\u00e1y BC th\u01b0\u1eddng \u0111\u01b0\u1ee3c s\u1eed d\u1ee5ng cho c\u00e1c \u0111\u00e1m ch\u00e1y g\u00e2y ra b\u1edfi d\u1ea7u, x\u0103ng v\u00e0 c\u00e1c ch\u1ea5t ch\u00e1y kh\u00e1c.<\/li>\n<li><strong>Dung t\u00edch<\/strong>: B\u00ecnh ch\u1eefa ch\u00e1y n\u00e0y c\u00f3 dung t\u00edch b\u1ed9t l\u00e0 35kg, l\u00e0 m\u1ed9t dung t\u00edch l\u1edbn th\u00edch h\u1ee3p cho vi\u1ec7c ch\u1eefa ch\u00e1y c\u00e1c \u0111\u00e1m ch\u00e1y l\u1edbn v\u00e0 k\u00e9o d\u00e0i.<\/li>\n<li><strong>Xe \u0111\u1ea9y di \u0111\u1ed9ng<\/strong>: S\u1ea3n ph\u1ea9m \u0111i k\u00e8m v\u1edbi xe \u0111\u1ea9y gi\u00fap d\u1ec5 d\u00e0ng di chuy\u1ec3n v\u00e0 s\u1eed d\u1ee5ng trong c\u00e1c t\u00ecnh hu\u1ed1ng kh\u1ea9n c\u1ea5p, \u0111\u1eb7c bi\u1ec7t l\u00e0 khi c\u1ea7n ph\u1ea3i di chuy\u1ec3n b\u1ed9t ch\u1eefa ch\u00e1y \u0111\u1ebfn n\u01a1i c\u1ea7n thi\u1ebft.<\/li>\n<li><strong>Hi\u1ec7u qu\u1ea3 ch\u1eefa ch\u00e1y<\/strong>: Thi\u1ebft b\u1ecb n\u00e0y \u0111\u01b0\u1ee3c thi\u1ebft k\u1ebf \u0111\u1ec3 cung c\u1ea5p hi\u1ec7u qu\u1ea3 cao trong vi\u1ec7c d\u1eadp t\u1eaft \u0111\u00e1m ch\u00e1y nhanh ch\u00f3ng v\u00e0 an to\u00e0n.<\/li>\n<li><strong>S\u1eed d\u1ee5ng r\u1ed9ng r\u00e3i<\/strong>: Th\u00edch h\u1ee3p cho vi\u1ec7c s\u1eed d\u1ee5ng trong nhi\u1ec1u m\u00f4i tr\u01b0\u1eddng kh\u00e1c nhau, bao g\u1ed3m nh\u00e0 m\u00e1y, nh\u00e0 x\u01b0\u1edfng, nh\u00e0 \u1edf, khu v\u1ef1c c\u00f4ng c\u1ed9ng v\u00e0 c\u00e1c ph\u01b0\u01a1ng ti\u1ec7n di chuy\u1ec3n l\u1edbn.<\/li>\n<li><strong>An to\u00e0n v\u00e0 d\u1ec5 s\u1eed d\u1ee5ng<\/strong>: S\u1ea3n ph\u1ea9m \u0111\u01b0\u1ee3c thi\u1ebft k\u1ebf \u0111\u1ec3 s\u1eed d\u1ee5ng d\u1ec5 d\u00e0ng v\u00e0 an to\u00e0n, v\u1edbi c\u01a1 ch\u1ebf k\u00edch ho\u1ea1t nhanh ch\u00f3ng v\u00e0 \u0111\u01a1n gi\u1ea3n.<\/li>\n<\/ol>\n<h2><span id=\"huong-dan-su-dung\" class=\"ez-toc-section\"><\/span>H\u01b0\u1edbng d\u1eabn s\u1eed d\u1ee5ng<\/h2>\n<ol data-sourcepos=\"38:1-44:0\">\n<li data-sourcepos=\"38:1-38:92\"><strong>\u0110\u01b0a b\u00ecnh ch\u1eefa ch\u00e1y \u0111\u1ebfn hi\u1ec7n tr\u01b0\u1eddng:<\/strong>\u00a0D\u00f9ng xe \u0111\u1ea9y ho\u1eb7c di chuy\u1ec3n b\u00ecnh \u0111\u1ebfn g\u1ea7n \u0111\u00e1m ch\u00e1y.<\/li>\n<li data-sourcepos=\"39:1-39:71\"><strong>C\u1ed1 \u0111\u1ecbnh b\u00ecnh ch\u1eefa ch\u00e1y:<\/strong>\u00a0D\u00f9ng ch\u1ed1t h\u00e3m \u0111\u1ec3 c\u1ed1 \u0111\u1ecbnh b\u00ecnh ch\u1eefa ch\u00e1y.<\/li>\n<li data-sourcepos=\"40:1-40:57\"><strong>M\u1edf van:<\/strong>\u00a0Xoay van theo chi\u1ec1u kim \u0111\u1ed3ng h\u1ed3 \u0111\u1ec3 m\u1edf van.<\/li>\n<li data-sourcepos=\"41:1-41:59\"><strong>H\u01b0\u1edbng v\u00f2i phun:<\/strong>\u00a0H\u01b0\u1edbng v\u00f2i phun v\u00e0o g\u1ed1c c\u1ee7a \u0111\u00e1m ch\u00e1y.<\/li>\n<li data-sourcepos=\"42:1-42:59\"><strong>B\u00f3p van:<\/strong>\u00a0B\u00f3p van \u0111\u1ec3 phun b\u1ed9t ch\u1eefa ch\u00e1y v\u00e0o \u0111\u00e1m ch\u00e1y.<\/li>\n<li data-sourcepos=\"43:1-44:0\"><strong>Di chuy\u1ec3n:<\/strong>\u00a0Di chuy\u1ec3n b\u00ecnh ch\u1eefa ch\u00e1y \u0111\u1ec3 qu\u00e9t to\u00e0n b\u1ed9 \u0111\u00e1m ch\u00e1y.<\/li>\n<\/ol>\n<h3><span id=\"luu-y-khi-su-dung\" class=\"ez-toc-section\"><\/span>L\u01b0u \u00fd khi s\u1eed d\u1ee5ng<\/h3>\n<ul>\n<li>Khi phun \u0111\u00e1m ch\u00e1y ph\u1ea3i t\u1eaft h\u1eb3n m\u01b0\u1edbi ng\u1eebng phun.<\/li>\n<li>Khi d\u1eadp c\u00e1c \u0111\u00e1m ch\u00e1y ch\u1ea5t l\u1ecfng ph\u1ea3i phun bao ph\u1ee7 l\u00ean b\u1ec1 m\u1eb7t ch\u00e1y, tr\u00e1nh phun x\u1ee5c tr\u1ef1c ti\u1ebfp xu\u1ed1ng ch\u1ea5t l\u1ecfng \u0111\u1ec1 ph\u00f2ng ch\u00fang b\u1eafn ra ngo\u00e0i, ch\u00e1y to h\u01a1n.<\/li>\n<li>Khi phun tu\u1ef3 thu\u1ed9c v\u00e0o t\u1eebng \u0111\u00e1m ch\u00e1y v\u00e0 l\u01b0\u1ee3ng kh\u00ed \u0111\u1ea9y c\u00f2n l\u1ea1i trong b\u00ecnh m\u00e0 ch\u1ecdn v\u1ecb tr\u00ed, kho\u1ea3ng c\u00e1ch \u0111\u1ee9ng phun cho ph\u00f9 h\u1ee3p.<\/li>\n<li><a href=\"https:\/\/pccctb.com\/binh-chua-chay\/\" target=\"_self\" data-ail=\"234\">B\u00ecnh ch\u1eefa ch\u00e1y<\/a>\u00a0\u0111\u00e3 qua s\u1eed d\u1ee5ng c\u1ea7n \u0111\u1ec3 ri\u00eang tr\u00e1nh nh\u1ea7m l\u1eabn.<\/li>\n<li>Khi phun gi\u1eef b\u00ecnh \u1edf t\u01b0 th\u1ebf th\u1eb3ng \u0111\u1ee9ng.<\/li>\n<li>Thay th\u1ebf b\u00ecnh ch\u1eefa ch\u00e1y sau 5 n\u0103m s\u1eed d\u1ee5ng ho\u1eb7c sau khi s\u1eed d\u1ee5ng \u0111\u1ec3 d\u1eadp t\u1eaft \u0111\u00e1m ch\u00e1y.<\/li>\n<\/ul>\n","protected":false},"excerpt":{"rendered":"<p>B\u00ecnh ch\u1eefa ch\u00e1y xe \u0111\u1ea9y d\u1ea1ng b\u1ed9t Dragon MFTZ35 c\u00f3 tem ki\u1ec3m \u0111\u1ecbnh \u0111\u01b0\u1ee3c trang b\u1ecb b\u00e1nh xe b\u1eb1ng cao su \u0111\u1ec3 ti\u1ec7n l\u1ee3i cho vi\u1ec7c di chuy\u1ec3n khi ch\u1eefa ch\u00e1y. Bb\u00ecnh \u0111\u01b0\u1ee3c trang b\u1ecb h\u1ec7 th\u1ed1ng d\u00e2y phun d\u00e0i g\u1ea7n 3m k\u00e8m s\u00fang phun linh ho\u1ea1t ti\u1ec7n l\u1ee3i d\u1eadp l\u1eeda.<\/p>\n<ul>\n<li>H\u00e3ng s\u1ea3n xu\u1ea5t: Dragon Powder<\/li>\n<li>Xu\u1ea5t x\u1ee9: Vi\u1ec7t Nam<\/li>\n<li>Dung t\u00edch: 35kg<\/li>\n<li>C\u00f3 tem ki\u1ec3m \u0111\u1ecbnh PCCC<\/li>\n<li>\u0110\u00e3 g\u1ed3m h\u00f3a \u0111\u01a1n VAT<\/li>\n<li>B\u1ea3o h\u00e0nh: 12 th\u00e1ng<\/li>\n<\/ul>\n","protected":false},"featured_media":779,"comment_status":"open","ping_status":"closed","template":"","meta":[],"product_brand":[54,81],"product_cat":[19],"product_tag":[96,21,55],"class_list":{"0":"post-778","1":"product","2":"type-product","3":"status-publish","4":"has-post-thumbnail","6":"product_brand-dragon-carbon-dioxide","7":"product_brand-viet-nam","8":"product_cat-binh-chua-chay","9":"product_tag-35kg","10":"product_tag-binh-chua-chay","11":"product_tag-dragon-carbon-dioxide","13":"first","14":"instock","15":"taxable","16":"shipping-taxable","17":"purchasable","18":"product-type-simple"},"yoast_head":"<!-- This site is optimized with the Yoast SEO plugin v24.3 - https:\/\/yoast.com\/wordpress\/plugins\/seo\/ -->\n<title>B\u00ecnh ch\u1eefa ch\u00e1y xe \u0111\u1ea9y b\u1ed9t BC 35kg Dragon MFTZ35 - M&amp;E B\u00ccNH MINH<\/title>\n<meta name=\"robots\" content=\"index, follow, max-snippet:-1, max-image-preview:large, max-video-preview:-1\" \/>\n<link rel=\"canonical\" href=\"https:\/\/mebinhminh.fastviet.vn\/?product=binh-chua-chay-xe-day-bot-bc-35kg-dragon-mftz35\" \/>\n<meta property=\"og:locale\" content=\"vi_VN\" \/>\n<meta property=\"og:type\" content=\"article\" \/>\n<meta property=\"og:title\" content=\"B\u00ecnh ch\u1eefa ch\u00e1y xe \u0111\u1ea9y b\u1ed9t BC 35kg Dragon MFTZ35 - M&amp;E B\u00ccNH MINH\" \/>\n<meta property=\"og:description\" content=\"B\u00ecnh ch\u1eefa ch\u00e1y xe \u0111\u1ea9y d\u1ea1ng b\u1ed9t Dragon MFTZ35 c\u00f3 tem ki\u1ec3m \u0111\u1ecbnh \u0111\u01b0\u1ee3c trang b\u1ecb b\u00e1nh xe b\u1eb1ng cao su \u0111\u1ec3 ti\u1ec7n l\u1ee3i cho vi\u1ec7c di chuy\u1ec3n khi ch\u1eefa ch\u00e1y. Bb\u00ecnh \u0111\u01b0\u1ee3c trang b\u1ecb h\u1ec7 th\u1ed1ng d\u00e2y phun d\u00e0i g\u1ea7n 3m k\u00e8m s\u00fang phun linh ho\u1ea1t ti\u1ec7n l\u1ee3i d\u1eadp l\u1eeda.   H\u00e3ng s\u1ea3n xu\u1ea5t: Dragon Powder  Xu\u1ea5t x\u1ee9: Vi\u1ec7t Nam  Dung t\u00edch: 35kg  C\u00f3 tem ki\u1ec3m \u0111\u1ecbnh PCCC  \u0110\u00e3 g\u1ed3m h\u00f3a \u0111\u01a1n VAT  B\u1ea3o h\u00e0nh: 12 th\u00e1ng\" \/>\n<meta property=\"og:url\" content=\"https:\/\/mebinhminh.fastviet.vn\/?product=binh-chua-chay-xe-day-bot-bc-35kg-dragon-mftz35\" \/>\n<meta property=\"og:site_name\" content=\"M&amp;E B\u00ccNH MINH\" \/>\n<meta property=\"article:modified_time\" content=\"2025-03-10T01:43:50+00:00\" \/>\n<meta property=\"og:image\" content=\"https:\/\/mebinhminh.fastviet.vn\/wp-content\/uploads\/2025\/03\/binh-chua-chay-bot-bc-35kg-dragon-MFTZ35-BC-UP1-600x600-1.webp\" \/>\n\t<meta property=\"og:image:width\" content=\"600\" \/>\n\t<meta property=\"og:image:height\" content=\"600\" \/>\n\t<meta property=\"og:image:type\" content=\"image\/webp\" \/>\n<meta name=\"twitter:card\" content=\"summary_large_image\" \/>\n<meta name=\"twitter:label1\" content=\"\u01af\u1edbc t\u00ednh th\u1eddi gian \u0111\u1ecdc\" \/>\n\t<meta name=\"twitter:data1\" content=\"5 ph\u00fat\" \/>\n<script type=\"application\/ld+json\" class=\"yoast-schema-graph\">{\"@context\":\"https:\/\/schema.org\",\"@graph\":[{\"@type\":\"WebPage\",\"@id\":\"https:\/\/mebinhminh.fastviet.vn\/?product=binh-chua-chay-xe-day-bot-bc-35kg-dragon-mftz35\",\"url\":\"https:\/\/mebinhminh.fastviet.vn\/?product=binh-chua-chay-xe-day-bot-bc-35kg-dragon-mftz35\",\"name\":\"B\u00ecnh ch\u1eefa ch\u00e1y xe \u0111\u1ea9y b\u1ed9t BC 35kg Dragon MFTZ35 - M&amp;E B\u00ccNH MINH\",\"isPartOf\":{\"@id\":\"https:\/\/mebinhminh.fastviet.vn\/#website\"},\"primaryImageOfPage\":{\"@id\":\"https:\/\/mebinhminh.fastviet.vn\/?product=binh-chua-chay-xe-day-bot-bc-35kg-dragon-mftz35#primaryimage\"},\"image\":{\"@id\":\"https:\/\/mebinhminh.fastviet.vn\/?product=binh-chua-chay-xe-day-bot-bc-35kg-dragon-mftz35#primaryimage\"},\"thumbnailUrl\":\"https:\/\/mebinhminh.fastviet.vn\/wp-content\/uploads\/2025\/03\/binh-chua-chay-bot-bc-35kg-dragon-MFTZ35-BC-UP1-600x600-1.webp\",\"datePublished\":\"2025-03-10T01:41:36+00:00\",\"dateModified\":\"2025-03-10T01:43:50+00:00\",\"breadcrumb\":{\"@id\":\"https:\/\/mebinhminh.fastviet.vn\/?product=binh-chua-chay-xe-day-bot-bc-35kg-dragon-mftz35#breadcrumb\"},\"inLanguage\":\"vi\",\"potentialAction\":[{\"@type\":\"ReadAction\",\"target\":[\"https:\/\/mebinhminh.fastviet.vn\/?product=binh-chua-chay-xe-day-bot-bc-35kg-dragon-mftz35\"]}]},{\"@type\":\"ImageObject\",\"inLanguage\":\"vi\",\"@id\":\"https:\/\/mebinhminh.fastviet.vn\/?product=binh-chua-chay-xe-day-bot-bc-35kg-dragon-mftz35#primaryimage\",\"url\":\"https:\/\/mebinhminh.fastviet.vn\/wp-content\/uploads\/2025\/03\/binh-chua-chay-bot-bc-35kg-dragon-MFTZ35-BC-UP1-600x600-1.webp\",\"contentUrl\":\"https:\/\/mebinhminh.fastviet.vn\/wp-content\/uploads\/2025\/03\/binh-chua-chay-bot-bc-35kg-dragon-MFTZ35-BC-UP1-600x600-1.webp\",\"width\":600,\"height\":600},{\"@type\":\"BreadcrumbList\",\"@id\":\"https:\/\/mebinhminh.fastviet.vn\/?product=binh-chua-chay-xe-day-bot-bc-35kg-dragon-mftz35#breadcrumb\",\"itemListElement\":[{\"@type\":\"ListItem\",\"position\":1,\"name\":\"Home\",\"item\":\"https:\/\/mebinhminh.fastviet.vn\/\"},{\"@type\":\"ListItem\",\"position\":2,\"name\":\"C\u1eeda h\u00e0ng\",\"item\":\"https:\/\/mebinhminh.fastviet.vn\/?page_id=5\"},{\"@type\":\"ListItem\",\"position\":3,\"name\":\"B\u00ecnh ch\u1eefa ch\u00e1y xe \u0111\u1ea9y b\u1ed9t BC 35kg Dragon MFTZ35\"}]},{\"@type\":\"WebSite\",\"@id\":\"https:\/\/mebinhminh.fastviet.vn\/#website\",\"url\":\"https:\/\/mebinhminh.fastviet.vn\/\",\"name\":\"M&amp;E B\u00ccNH MINH\",\"description\":\"\",\"potentialAction\":[{\"@type\":\"SearchAction\",\"target\":{\"@type\":\"EntryPoint\",\"urlTemplate\":\"https:\/\/mebinhminh.fastviet.vn\/?s={search_term_string}\"},\"query-input\":{\"@type\":\"PropertyValueSpecification\",\"valueRequired\":true,\"valueName\":\"search_term_string\"}}],\"inLanguage\":\"vi\"}]}<\/script>\n<!-- \/ Yoast SEO plugin. -->","yoast_head_json":{"title":"B\u00ecnh ch\u1eefa ch\u00e1y xe \u0111\u1ea9y b\u1ed9t BC 35kg Dragon MFTZ35 - M&amp;E B\u00ccNH MINH","robots":{"index":"index","follow":"follow","max-snippet":"max-snippet:-1","max-image-preview":"max-image-preview:large","max-video-preview":"max-video-preview:-1"},"canonical":"https:\/\/mebinhminh.fastviet.vn\/?product=binh-chua-chay-xe-day-bot-bc-35kg-dragon-mftz35","og_locale":"vi_VN","og_type":"article","og_title":"B\u00ecnh ch\u1eefa ch\u00e1y xe \u0111\u1ea9y b\u1ed9t BC 35kg Dragon MFTZ35 - M&amp;E B\u00ccNH MINH","og_description":"B\u00ecnh ch\u1eefa ch\u00e1y xe \u0111\u1ea9y d\u1ea1ng b\u1ed9t Dragon MFTZ35 c\u00f3 tem ki\u1ec3m \u0111\u1ecbnh \u0111\u01b0\u1ee3c trang b\u1ecb b\u00e1nh xe b\u1eb1ng cao su \u0111\u1ec3 ti\u1ec7n l\u1ee3i cho vi\u1ec7c di chuy\u1ec3n khi ch\u1eefa ch\u00e1y. Bb\u00ecnh \u0111\u01b0\u1ee3c trang b\u1ecb h\u1ec7 th\u1ed1ng d\u00e2y phun d\u00e0i g\u1ea7n 3m k\u00e8m s\u00fang phun linh ho\u1ea1t ti\u1ec7n l\u1ee3i d\u1eadp l\u1eeda.   H\u00e3ng s\u1ea3n xu\u1ea5t: Dragon Powder  Xu\u1ea5t x\u1ee9: Vi\u1ec7t Nam  Dung t\u00edch: 35kg  C\u00f3 tem ki\u1ec3m \u0111\u1ecbnh PCCC  \u0110\u00e3 g\u1ed3m h\u00f3a \u0111\u01a1n VAT  B\u1ea3o h\u00e0nh: 12 th\u00e1ng","og_url":"https:\/\/mebinhminh.fastviet.vn\/?product=binh-chua-chay-xe-day-bot-bc-35kg-dragon-mftz35","og_site_name":"M&amp;E B\u00ccNH MINH","article_modified_time":"2025-03-10T01:43:50+00:00","og_image":[{"width":600,"height":600,"url":"https:\/\/mebinhminh.fastviet.vn\/wp-content\/uploads\/2025\/03\/binh-chua-chay-bot-bc-35kg-dragon-MFTZ35-BC-UP1-600x600-1.webp","type":"image\/webp"}],"twitter_card":"summary_large_image","twitter_misc":{"\u01af\u1edbc t\u00ednh th\u1eddi gian \u0111\u1ecdc":"5 ph\u00fat"},"schema":{"@context":"https:\/\/schema.org","@graph":[{"@type":"WebPage","@id":"https:\/\/mebinhminh.fastviet.vn\/?product=binh-chua-chay-xe-day-bot-bc-35kg-dragon-mftz35","url":"https:\/\/mebinhminh.fastviet.vn\/?product=binh-chua-chay-xe-day-bot-bc-35kg-dragon-mftz35","name":"B\u00ecnh ch\u1eefa ch\u00e1y xe \u0111\u1ea9y b\u1ed9t BC 35kg Dragon MFTZ35 - M&amp;E B\u00ccNH MINH","isPartOf":{"@id":"https:\/\/mebinhminh.fastviet.vn\/#website"},"primaryImageOfPage":{"@id":"https:\/\/mebinhminh.fastviet.vn\/?product=binh-chua-chay-xe-day-bot-bc-35kg-dragon-mftz35#primaryimage"},"image":{"@id":"https:\/\/mebinhminh.fastviet.vn\/?product=binh-chua-chay-xe-day-bot-bc-35kg-dragon-mftz35#primaryimage"},"thumbnailUrl":"https:\/\/mebinhminh.fastviet.vn\/wp-content\/uploads\/2025\/03\/binh-chua-chay-bot-bc-35kg-dragon-MFTZ35-BC-UP1-600x600-1.webp","datePublished":"2025-03-10T01:41:36+00:00","dateModified":"2025-03-10T01:43:50+00:00","breadcrumb":{"@id":"https:\/\/mebinhminh.fastviet.vn\/?product=binh-chua-chay-xe-day-bot-bc-35kg-dragon-mftz35#breadcrumb"},"inLanguage":"vi","potentialAction":[{"@type":"ReadAction","target":["https:\/\/mebinhminh.fastviet.vn\/?product=binh-chua-chay-xe-day-bot-bc-35kg-dragon-mftz35"]}]},{"@type":"ImageObject","inLanguage":"vi","@id":"https:\/\/mebinhminh.fastviet.vn\/?product=binh-chua-chay-xe-day-bot-bc-35kg-dragon-mftz35#primaryimage","url":"https:\/\/mebinhminh.fastviet.vn\/wp-content\/uploads\/2025\/03\/binh-chua-chay-bot-bc-35kg-dragon-MFTZ35-BC-UP1-600x600-1.webp","contentUrl":"https:\/\/mebinhminh.fastviet.vn\/wp-content\/uploads\/2025\/03\/binh-chua-chay-bot-bc-35kg-dragon-MFTZ35-BC-UP1-600x600-1.webp","width":600,"height":600},{"@type":"BreadcrumbList","@id":"https:\/\/mebinhminh.fastviet.vn\/?product=binh-chua-chay-xe-day-bot-bc-35kg-dragon-mftz35#breadcrumb","itemListElement":[{"@type":"ListItem","position":1,"name":"Home","item":"https:\/\/mebinhminh.fastviet.vn\/"},{"@type":"ListItem","position":2,"name":"C\u1eeda h\u00e0ng","item":"https:\/\/mebinhminh.fastviet.vn\/?page_id=5"},{"@type":"ListItem","position":3,"name":"B\u00ecnh ch\u1eefa ch\u00e1y xe \u0111\u1ea9y b\u1ed9t BC 35kg Dragon MFTZ35"}]},{"@type":"WebSite","@id":"https:\/\/mebinhminh.fastviet.vn\/#website","url":"https:\/\/mebinhminh.fastviet.vn\/","name":"M&amp;E B\u00ccNH MINH","description":"","potentialAction":[{"@type":"SearchAction","target":{"@type":"EntryPoint","urlTemplate":"https:\/\/mebinhminh.fastviet.vn\/?s={search_term_string}"},"query-input":{"@type":"PropertyValueSpecification","valueRequired":true,"valueName":"search_term_string"}}],"inLanguage":"vi"}]}},"jetpack_sharing_enabled":true,"_links":{"self":[{"href":"https:\/\/mebinhminh.fastviet.vn\/index.php?rest_route=\/wp\/v2\/product\/778","targetHints":{"allow":["GET"]}}],"collection":[{"href":"https:\/\/mebinhminh.fastviet.vn\/index.php?rest_route=\/wp\/v2\/product"}],"about":[{"href":"https:\/\/mebinhminh.fastviet.vn\/index.php?rest_route=\/wp\/v2\/types\/product"}],"replies":[{"embeddable":true,"href":"https:\/\/mebinhminh.fastviet.vn\/index.php?rest_route=%2Fwp%2Fv2%2Fcomments&post=778"}],"version-history":[{"count":1,"href":"https:\/\/mebinhminh.fastviet.vn\/index.php?rest_route=\/wp\/v2\/product\/778\/revisions"}],"predecessor-version":[{"id":782,"href":"https:\/\/mebinhminh.fastviet.vn\/index.php?rest_route=\/wp\/v2\/product\/778\/revisions\/782"}],"wp:featuredmedia":[{"embeddable":true,"href":"https:\/\/mebinhminh.fastviet.vn\/index.php?rest_route=\/wp\/v2\/media\/779"}],"wp:attachment":[{"href":"https:\/\/mebinhminh.fastviet.vn\/index.php?rest_route=%2Fwp%2Fv2%2Fmedia&parent=778"}],"wp:term":[{"taxonomy":"product_brand","embeddable":true,"href":"https:\/\/mebinhminh.fastviet.vn\/index.php?rest_route=%2Fwp%2Fv2%2Fproduct_brand&post=778"},{"taxonomy":"product_cat","embeddable":true,"href":"https:\/\/mebinhminh.fastviet.vn\/index.php?rest_route=%2Fwp%2Fv2%2Fproduct_cat&post=778"},{"taxonomy":"product_tag","embeddable":true,"href":"https:\/\/mebinhminh.fastviet.vn\/index.php?rest_route=%2Fwp%2Fv2%2Fproduct_tag&post=778"}],"curies":[{"name":"wp","href":"https:\/\/api.w.org\/{rel}","templated":true}]}}