{"id":801,"date":"2025-03-12T15:34:36","date_gmt":"2025-03-12T08:34:36","guid":{"rendered":"https:\/\/mebinhminh.fastviet.vn\/?post_type=product&#038;p=801"},"modified":"2025-03-12T15:34:36","modified_gmt":"2025-03-12T08:34:36","slug":"den-sac-khan-cap-kt-402-kento","status":"publish","type":"product","link":"https:\/\/mebinhminh.fastviet.vn\/?product=den-sac-khan-cap-kt-402-kento","title":{"rendered":"\u0110\u00e8n s\u1ea1c kh\u1ea9n c\u1ea5p KT 402 Kento"},"content":{"rendered":"<p>\u0110\u00e8n s\u1ea1c kh\u1ea9n c\u1ea5p KT 402 Kentom n\u00e0y hi\u1ec7n c\u00f3 m\u1eabu m\u00e3 tinh t\u1ebf v\u00e0 kh\u00e1 c\u1ee9ng c\u00e1p \u0111\u01b0\u1ee3c l\u00e0m t\u1eeb c\u00e1c ch\u1ea5t li\u1ec7u c\u0169ng nh\u01b0 \u0111\u01b0\u1ee3c s\u1ea3n xu\u1ea5t v\u1edbi quy tr\u00ecnh hi\u1ec7n \u0111\u1ea1i. Khi ch\u1ecdn mua s\u1ea3n ph\u1ea9m\u00a0<a href=\"https:\/\/hoangphatlighting.vn\/den-khan-cap-139-11.html\">\u0111\u00e8n kh\u1ea9n c\u1ea5p<\/a>\u00a0n\u00e0y \u0111\u1ec3 ph\u1ee5c v\u1ee5 cho nhu c\u1ea7u tho\u00e1t hi\u1ec3m th\u00ec ch\u1eafc ch\u1eafn b\u1ea1n s\u1ebd v\u00f4 c\u00f9ng y\u00ean t\u00e2m c\u0169ng nh\u01b0 c\u1ea3m th\u1ea5y h\u00e0i l\u00f2ng v\u1ec1 s\u1ea3n ph\u1ea9m tuy\u1ec7t v\u1eddi n\u00e0y nh\u00e9.<\/p>\n<p><strong>TH\u00d4NG S\u1ed0 K\u1ef8 THU\u1eacT<\/strong><\/p>\n<p>M\u00e3 s\u1ea3n ph\u1ea9m:\u00a0<strong>KT 402<\/strong><\/p>\n<table border=\"1\" cellspacing=\"1\" cellpadding=\"1\" align=\"center\">\n<tbody>\n<tr>\n<td>Ngu\u1ed3n \u0111i\u1ec7n s\u1ea1c<\/td>\n<td>AC 220V\/50Hz<\/td>\n<\/tr>\n<tr>\n<td><strong>B\u00f3ng \u0111\u00e8n Led<\/strong><\/td>\n<td><strong>(3.2V 3W) x 2 Led<\/strong><\/td>\n<\/tr>\n<tr>\n<td>Pin s\u1ea1c LI-ION<\/td>\n<td>3.7V, 2600mAh<\/td>\n<\/tr>\n<tr>\n<td><strong>D\u00f2ng \u0111i\u1ec7n s\u1ea1c<\/strong><\/td>\n<td><strong>120mA<\/strong><\/td>\n<\/tr>\n<tr>\n<td>Th\u1eddi gian s\u1ea1c<\/td>\n<td>24 gi\u1edd (c\u1eafm \u0111i\u1ec7n th\u01b0\u1eddng tr\u1ef1c)<\/td>\n<\/tr>\n<tr>\n<td><strong>Th\u1eddi gian th\u1eafp s\u00e1ng<\/strong><\/td>\n<td><strong>3 gi\u1edd<\/strong><\/td>\n<\/tr>\n<\/tbody>\n<\/table>\n<p>&nbsp;<\/p>\n<p><strong>\u01afU \u0110I\u1ec2M C\u1ee6A S\u1ea2N PH\u1ea8M<\/strong><\/p>\n<p><em>Thi\u1ebft k\u1ebf hi\u1ec7n \u0111\u1ea1i<\/em><\/p>\n<p><img decoding=\"async\" class=\"\" src=\"https:\/\/hoangphatlighting.vn\/upload\/detail\/2018\/01\/images\/icon-quy-trinh-san-xuat-hien-dai.png\" alt=\"\u0110\u00e8n s\u1ea1c kh\u1ea9n c\u1ea5p KT 402 Kentom\" width=\"122\" height=\"121\" \/>S\u1ea3n ph\u1ea9m s\u1eed d\u1ee5ng hai \u0111\u00e8n led chi\u1ebfu s\u00e1ng v\u00e0 s\u1eed d\u1ee5ng ngu\u1ed3n \u0111i\u1ec7n l\u1ec7 220V &#8211; 50Hz. Ch\u00ednh nh\u1eefng th\u00f4ng s\u1ed1 n\u00e0y \u0111\u1ec3 \u0111\u1ea3m b\u1ea3o \u0111\u01b0\u1ee3c trong qu\u00e1 tr\u00ecnh s\u1eed d\u1ee5ng ngu\u1ed3n \u00e1nh s\u00e1ng c\u1ee7a \u0111\u00e8n \u0111\u1ea3m b\u1ea3o \u1ed5n \u0111\u1ecbnh, nh\u1ea5t l\u00e0 trong c\u00e1c t\u00ecnh hu\u1ed1ng nguy hi\u1ec3m x\u1ea3y ra.<\/p>\n<p>\u0110\u1eb7c bi\u1ec7t l\u00e0 c\u00f3 th\u1ec3 t\u1ef1 b\u1eadt s\u00e1ng m\u1ed7i khi c\u00f3 s\u1ef1 c\u1ed1 x\u1ea3y ra, \u0111\u1ea3m b\u1ea3o \u0111\u01b0\u1ee3c t\u00ednh an to\u00e0n trong qu\u00e1 tr\u00ecnh s\u1eed d\u1ee5ng. D\u01b0\u1edbi thi\u1ebft k\u1ebf c\u1ee7a d\u00f2ng s\u1ea3n ph\u1ea9m n\u00e0y b\u1ea1n lu\u00f4n c\u1ea3m th\u1ea5y m\u1ed9t cu\u1ed9c s\u1ed1ng th\u1ef1c s\u1ef1 hi\u1ec7n \u0111\u1ea1i.<\/p>\n<p><em>Pin s\u1eed d\u1ee5ng l\u00e2u d\u00e0i<\/em><\/p>\n<p><img decoding=\"async\" class=\"\" src=\"https:\/\/hoangphatlighting.vn\/upload\/detail\/2018\/01\/images\/tiet-kiem-dien-1(2).png\" alt=\"\u0110\u00e8n s\u1ea1c kh\u1ea9n c\u1ea5p KT 402 Kentom\" width=\"144\" height=\"133\" \/>S\u1ea3n ph\u1ea9m n\u00e0y s\u1eed d\u1ee5ng m\u1ed9t lo\u1ea1i pin ch\u1ea5t l\u01b0\u1ee3ng cao c\u00f3 th\u1eddi gian chi\u1ebfu s\u00e1ng li\u00ean t\u1ee5c 3 gi\u1edd \u0111\u1ed1i v\u1edbi hai b\u00f3ng. V\u1edbi con s\u1ed1 n\u00e0y th\u00ec khi c\u00f3 b\u1ea5t k\u00ec hi\u1ec7n t\u01b0\u1ee3ng, s\u1ef1 c\u1ed1 n\u00e0o x\u1ea3y ra th\u00ec \u0111\u00e8n v\u1eabn \u0111\u1ea3m b\u1ea3o chi\u1ebfu s\u00e1ng \u0111\u1ec3 ng\u01b0\u1eddi trong t\u00f2a nh\u00e0 k\u1ecbp tho\u00e1t ra b\u00ean ngo\u00e0i.<\/p>\n<p>\u0110\u1eb7c bi\u1ec7t s\u1ea3n ph\u1ea9m c\u00f3 m\u1ea1ch b\u1ea3o v\u1ec7 t\u1ef1 \u0111\u1ed9ng ng\u1eaft \u0111i\u1ec7n khi b\u00ecnh s\u1ea1c \u0111\u1ea7y v\u00e0 c\u00f3 \u0111\u00e8n b\u00e1o b\u00e1o \u0111\u1ed9ng khi s\u1ea3n ph\u1ea9m \u0111\u1ec3 \u0111\u1ec3 s\u1ea1c \u0111\u1ea7y. Ch\u00ednh v\u00ec th\u1ebf m\u00e0 b\u1ea1n ho\u00e0n to\u00e0n y\u00ean t\u00e2m v\u1edbi ch\u1ea5t l\u01b0\u1ee3ng c\u1ee7a pin trong su\u1ed1t qu\u00e1 tr\u00ecnh s\u1eed d\u1ee5ng, c\u0169ng nh\u01b0 k\u00e9o d\u00e0i \u0111\u01b0\u1ee3c tu\u1ed5i th\u1ecd c\u1ee7a ch\u00ednh s\u1ea3n ph\u1ea9m.<\/p>\n<p><em>\u00c1nh s\u00e1ng chi\u1ebfu linh ho\u1ea1t<\/em><\/p>\n<p><img decoding=\"async\" class=\"\" src=\"https:\/\/hoangphatlighting.vn\/upload\/detail\/2018\/01\/images\/chi-so-hoan-mau(4).png\" alt=\"\u0110\u00e8n s\u1ea1c kh\u1ea9n c\u1ea5p KT 402 Kentom\" width=\"112\" height=\"108\" \/>M\u1ed9t \u0111i\u1ec1u \u0111\u1eb7c bi\u1ec7t c\u00f3 th\u1ec3 k\u1ec3 \u0111\u1ebfn khi s\u1eed d\u1ee5ng d\u00f2ng s\u1ea3n ph\u1ea9m \u0111\u00e8n s\u1ea1c kh\u1ea9n c\u1ea5p KT 402 Kentom n\u00e0y \u0111\u00f3 ch\u00ednh l\u00e0 hai \u0111\u1ea7u xoay chi\u1ebfu s\u00e1ng \u0111\u01b0\u1ee3c \u0111a h\u01b0\u1edbng. V\u1edbi thi\u1ebft k\u1ebf n\u00e0y th\u00ec \u1edf trong b\u1ea5t k\u1ef3 kh\u00f4ng gian n\u00e0o v\u1eabn \u0111\u1ea3m b\u1ea3o \u0111\u01b0\u1ee3c chi\u1ebfu s\u00e1ng \u1ed5n \u0111\u1ecbnh, c\u0169ng nh\u01b0 trong nh\u1eefng tr\u01b0\u1eddng h\u1ee3p kh\u1ea9n c\u1ea5p \u0111\u00e8n s\u1ebd h\u01b0\u1edbng d\u1eabn t\u1ed1t cho ng\u01b0\u1eddi g\u1eb7p nguy hi\u1ec3m t\u00ecm \u0111\u01b0\u1ee3c l\u1ed1i tho\u00e1t hi\u1ec7n ra m\u1ed9t c\u00e1ch nhanh nh\u1ea5t.<\/p>\n<p><em>Th\u00e2n thi\u1ec7n v\u1edbi m\u00f4i tr\u01b0\u1eddng<\/em><\/p>\n<p><img loading=\"lazy\" decoding=\"async\" class=\"\" src=\"https:\/\/hoangphatlighting.vn\/upload\/detail\/2018\/01\/images\/than-thien-moi-truong(1).png\" alt=\"\u0110\u00e8n s\u1ea1c kh\u1ea9n c\u1ea5p KT 402 Kentom\" width=\"103\" height=\"104\" \/>S\u1ea3n ph\u1ea9m \u0111\u01b0\u1ee3c s\u1eed d\u1ee5ng ch\u1ebf ph\u1ea3n quang cao cho ch\u00f9m tia s\u00e1ng m\u1ea1nh m\u1ebd h\u01a1n v\u00e0 r\u00f5 n\u00e9t h\u01a1n. Ch\u00ednh v\u00ec th\u1ebf m\u00e0 kh\u00f4ng g\u00e2y h\u1ea1i cho m\u1eaft c\u1ee7a ng\u01b0\u1eddi s\u1eed d\u1ee5ng. M\u1ed9t trong nh\u1eefng \u0111i\u1ec1u \u0111\u1eb7c bi\u1ec7t c\u00f3 th\u1ec3 k\u1ec3 \u0111\u1ebfn khi s\u1eed d\u1ee5ng d\u00f2ng s\u1ea3n ph\u1ea9m n\u00e0y l\u00e0 c\u00e1c ch\u1ea5t l\u01b0\u1ee3ng c\u1ee7a s\u1ea3n ph\u1ea9m tuy\u1ec7t \u0111\u1ed1i an to\u00e0n c\u0169ng nh\u01b0 ngu\u1ed3n \u00e1nh s\u00e1ng chi\u1ebfu ra l\u00e0 \u00e1nh s\u00e1ng \u1ed5n \u0111\u1ecbnh kh\u00f4ng nh\u1ea5p nh\u00e1y, c\u0169ng nh\u01b0 kh\u00f4ng ph\u00e1t sinh ra c\u00e1c ch\u1ea5t \u0111\u1ed9c h\u1ea1i.<\/p>\n<p>Ch\u00ednh v\u00ec th\u1ebf m\u00e0 tuy\u1ec7t \u0111\u1ed1i an to\u00e0n cho ng\u01b0\u1eddi ti\u00eau d\u00f9ng. \u0110\u00e8n s\u1ea1c kh\u1ea9n c\u1ea5p KT 402 Kentom \u0111\u01b0\u1ee3c ch\u1ebf li\u1ec7u t\u1eeb nh\u1eefng nguy\u00ean li\u1ec7u c\u00f3 th\u1ec3 t\u00e1i ch\u1ebf m\u1ed9t c\u00e1ch d\u1ec5 d\u00e0ng n\u00ean th\u00e2n thi\u1ec7n v\u1edbi m\u00f4i tr\u01b0\u1eddng xung quanh.<\/p>\n<p><strong>\u1ee8NG D\u1ee4NG<\/strong><\/p>\n<p>L\u00e0 m\u1ed9t trong nh\u1eefng s\u1ea3n ph\u1ea9m \u0111\u00e1p \u1ee9ng t\u1ed1t cho y\u00eau c\u1ea7u c\u1ee7a ph\u00f2ng ch\u00e1y ch\u1eefa ch\u00e1y, n\u00ean r\u1ea5t c\u1ea7n thi\u1ebft trong nh\u1eefng c\u00f4ng tr\u00ecnh c\u00f3 thi\u1ebft k\u1ebf ph\u1ee9c t\u1ea1p. S\u1ea3n ph\u1ea9m n\u00e0y ph\u00f9 h\u1ee3p l\u1eafp \u0111\u1eb7t \u1edf c\u00e1c v\u1ecb tr\u00ed tho\u00e1t hi\u1ec3m nh\u01b0: trong c\u00e1c khu chung, c\u01b0 t\u00f2a nh\u00e0 cao t\u1ea7ng, kh\u00e1ch s\u1ea1n, si\u00eau th\u1ecb, b\u1ec7nh vi\u1ec7n, trong c\u00e1c c\u00f4ng x\u01b0\u1edfng, khu trung t\u00e2m th\u01b0\u01a1ng m\u1ea1i, khu c\u00f4ng nghi\u1ec7p, tr\u01b0\u1eddng h\u1ecdc, c\u00f4ng ty&#8230; B\u1ea1n ph\u1ea3i ch\u1eafc ch\u1eafn r\u1eb1ng \u1edf trong nh\u1eefng tr\u01b0\u1eddng h\u1ee3p kh\u1ea9n c\u1ea5p nh\u1ea5t b\u1ea5t k\u1ef3 ai c\u0169ng c\u00f3 th\u1ec3 t\u00ecm \u0111\u01b0\u1ee3c l\u1ed1i tho\u00e1t hi\u1ec3m m\u1ed9t c\u00e1ch nhanh nh\u1ea5t n\u00ean \u0111\u00e2y l\u00e0 m\u1ed9t l\u1ef1a ch\u1ecdn v\u00f4 c\u00f9ng ho\u00e0n h\u1ea3o m\u00e0 b\u1ea1n \u0111ang t\u00ecm ki\u1ebfm.<\/p>\n","protected":false},"excerpt":{"rendered":"<p>Ngu\u1ed3n \u0111i\u1ec7n s\u1ea1c: AC 220\/50hz<br \/>\nB\u00f3ng \u0111\u00e8n led: 3.2v,3w x 2 B\u00f3ng led<br \/>\nPin s\u1ea1c Li -ion: 3.7v, 2200mAh<br \/>\nD\u00f2ng \u0111i\u1ec7n s\u1ea1c: 120mA<br \/>\nTh\u1eddi gian s\u1ea1c: 24 gi\u1edd (c\u1eafm \u0111i\u1ec7n th\u01b0\u1eddng tr\u1ef1c)<br \/>\nth\u1eddi gian th\u1eafp s\u00e1ng: 3 gi\u1edd<\/p>\n","protected":false},"featured_media":798,"comment_status":"open","ping_status":"closed","template":"","meta":[],"product_brand":[66],"product_cat":[15],"product_tag":[],"class_list":{"0":"post-801","1":"product","2":"type-product","3":"status-publish","4":"has-post-thumbnail","6":"product_brand-kentom","7":"product_cat-uncategorized","9":"first","10":"instock","11":"taxable","12":"shipping-taxable","13":"purchasable","14":"product-type-simple"},"yoast_head":"<!-- This site is optimized with the Yoast SEO plugin v24.3 - https:\/\/yoast.com\/wordpress\/plugins\/seo\/ -->\n<title>\u0110\u00e8n s\u1ea1c kh\u1ea9n c\u1ea5p KT 402 Kento - M&amp;E B\u00ccNH MINH<\/title>\n<meta name=\"robots\" content=\"index, follow, max-snippet:-1, max-image-preview:large, max-video-preview:-1\" \/>\n<link rel=\"canonical\" href=\"https:\/\/mebinhminh.fastviet.vn\/?product=den-sac-khan-cap-kt-402-kento\" \/>\n<meta property=\"og:locale\" content=\"vi_VN\" \/>\n<meta property=\"og:type\" content=\"article\" \/>\n<meta property=\"og:title\" content=\"\u0110\u00e8n s\u1ea1c kh\u1ea9n c\u1ea5p KT 402 Kento - M&amp;E B\u00ccNH MINH\" \/>\n<meta property=\"og:description\" content=\"Ngu\u1ed3n \u0111i\u1ec7n s\u1ea1c: AC 220\/50hz B\u00f3ng \u0111\u00e8n led: 3.2v,3w x 2 B\u00f3ng led Pin s\u1ea1c Li -ion: 3.7v, 2200mAh D\u00f2ng \u0111i\u1ec7n s\u1ea1c: 120mA Th\u1eddi gian s\u1ea1c: 24 gi\u1edd (c\u1eafm \u0111i\u1ec7n th\u01b0\u1eddng tr\u1ef1c) th\u1eddi gian th\u1eafp s\u00e1ng: 3 gi\u1edd\" \/>\n<meta property=\"og:url\" content=\"https:\/\/mebinhminh.fastviet.vn\/?product=den-sac-khan-cap-kt-402-kento\" \/>\n<meta property=\"og:site_name\" content=\"M&amp;E B\u00ccNH MINH\" \/>\n<meta property=\"og:image\" content=\"https:\/\/mebinhminh.fastviet.vn\/wp-content\/uploads\/2025\/03\/download.png\" \/>\n\t<meta property=\"og:image:width\" content=\"480\" \/>\n\t<meta property=\"og:image:height\" content=\"458\" \/>\n\t<meta property=\"og:image:type\" content=\"image\/png\" \/>\n<meta name=\"twitter:card\" content=\"summary_large_image\" \/>\n<meta name=\"twitter:label1\" content=\"\u01af\u1edbc t\u00ednh th\u1eddi gian \u0111\u1ecdc\" \/>\n\t<meta name=\"twitter:data1\" content=\"5 ph\u00fat\" \/>\n<script type=\"application\/ld+json\" class=\"yoast-schema-graph\">{\"@context\":\"https:\/\/schema.org\",\"@graph\":[{\"@type\":\"WebPage\",\"@id\":\"https:\/\/mebinhminh.fastviet.vn\/?product=den-sac-khan-cap-kt-402-kento\",\"url\":\"https:\/\/mebinhminh.fastviet.vn\/?product=den-sac-khan-cap-kt-402-kento\",\"name\":\"\u0110\u00e8n s\u1ea1c kh\u1ea9n c\u1ea5p KT 402 Kento - M&amp;E B\u00ccNH MINH\",\"isPartOf\":{\"@id\":\"https:\/\/mebinhminh.fastviet.vn\/#website\"},\"primaryImageOfPage\":{\"@id\":\"https:\/\/mebinhminh.fastviet.vn\/?product=den-sac-khan-cap-kt-402-kento#primaryimage\"},\"image\":{\"@id\":\"https:\/\/mebinhminh.fastviet.vn\/?product=den-sac-khan-cap-kt-402-kento#primaryimage\"},\"thumbnailUrl\":\"https:\/\/mebinhminh.fastviet.vn\/wp-content\/uploads\/2025\/03\/download.png\",\"datePublished\":\"2025-03-12T08:34:36+00:00\",\"dateModified\":\"2025-03-12T08:34:36+00:00\",\"breadcrumb\":{\"@id\":\"https:\/\/mebinhminh.fastviet.vn\/?product=den-sac-khan-cap-kt-402-kento#breadcrumb\"},\"inLanguage\":\"vi\",\"potentialAction\":[{\"@type\":\"ReadAction\",\"target\":[\"https:\/\/mebinhminh.fastviet.vn\/?product=den-sac-khan-cap-kt-402-kento\"]}]},{\"@type\":\"ImageObject\",\"inLanguage\":\"vi\",\"@id\":\"https:\/\/mebinhminh.fastviet.vn\/?product=den-sac-khan-cap-kt-402-kento#primaryimage\",\"url\":\"https:\/\/mebinhminh.fastviet.vn\/wp-content\/uploads\/2025\/03\/download.png\",\"contentUrl\":\"https:\/\/mebinhminh.fastviet.vn\/wp-content\/uploads\/2025\/03\/download.png\",\"width\":480,\"height\":458},{\"@type\":\"BreadcrumbList\",\"@id\":\"https:\/\/mebinhminh.fastviet.vn\/?product=den-sac-khan-cap-kt-402-kento#breadcrumb\",\"itemListElement\":[{\"@type\":\"ListItem\",\"position\":1,\"name\":\"Home\",\"item\":\"https:\/\/mebinhminh.fastviet.vn\/\"},{\"@type\":\"ListItem\",\"position\":2,\"name\":\"C\u1eeda h\u00e0ng\",\"item\":\"https:\/\/mebinhminh.fastviet.vn\/?page_id=5\"},{\"@type\":\"ListItem\",\"position\":3,\"name\":\"\u0110\u00e8n s\u1ea1c kh\u1ea9n c\u1ea5p KT 402 Kento\"}]},{\"@type\":\"WebSite\",\"@id\":\"https:\/\/mebinhminh.fastviet.vn\/#website\",\"url\":\"https:\/\/mebinhminh.fastviet.vn\/\",\"name\":\"M&amp;E B\u00ccNH MINH\",\"description\":\"\",\"potentialAction\":[{\"@type\":\"SearchAction\",\"target\":{\"@type\":\"EntryPoint\",\"urlTemplate\":\"https:\/\/mebinhminh.fastviet.vn\/?s={search_term_string}\"},\"query-input\":{\"@type\":\"PropertyValueSpecification\",\"valueRequired\":true,\"valueName\":\"search_term_string\"}}],\"inLanguage\":\"vi\"}]}<\/script>\n<!-- \/ Yoast SEO plugin. -->","yoast_head_json":{"title":"\u0110\u00e8n s\u1ea1c kh\u1ea9n c\u1ea5p KT 402 Kento - M&amp;E B\u00ccNH MINH","robots":{"index":"index","follow":"follow","max-snippet":"max-snippet:-1","max-image-preview":"max-image-preview:large","max-video-preview":"max-video-preview:-1"},"canonical":"https:\/\/mebinhminh.fastviet.vn\/?product=den-sac-khan-cap-kt-402-kento","og_locale":"vi_VN","og_type":"article","og_title":"\u0110\u00e8n s\u1ea1c kh\u1ea9n c\u1ea5p KT 402 Kento - M&amp;E B\u00ccNH MINH","og_description":"Ngu\u1ed3n \u0111i\u1ec7n s\u1ea1c: AC 220\/50hz B\u00f3ng \u0111\u00e8n led: 3.2v,3w x 2 B\u00f3ng led Pin s\u1ea1c Li -ion: 3.7v, 2200mAh D\u00f2ng \u0111i\u1ec7n s\u1ea1c: 120mA Th\u1eddi gian s\u1ea1c: 24 gi\u1edd (c\u1eafm \u0111i\u1ec7n th\u01b0\u1eddng tr\u1ef1c) th\u1eddi gian th\u1eafp s\u00e1ng: 3 gi\u1edd","og_url":"https:\/\/mebinhminh.fastviet.vn\/?product=den-sac-khan-cap-kt-402-kento","og_site_name":"M&amp;E B\u00ccNH MINH","og_image":[{"width":480,"height":458,"url":"https:\/\/mebinhminh.fastviet.vn\/wp-content\/uploads\/2025\/03\/download.png","type":"image\/png"}],"twitter_card":"summary_large_image","twitter_misc":{"\u01af\u1edbc t\u00ednh th\u1eddi gian \u0111\u1ecdc":"5 ph\u00fat"},"schema":{"@context":"https:\/\/schema.org","@graph":[{"@type":"WebPage","@id":"https:\/\/mebinhminh.fastviet.vn\/?product=den-sac-khan-cap-kt-402-kento","url":"https:\/\/mebinhminh.fastviet.vn\/?product=den-sac-khan-cap-kt-402-kento","name":"\u0110\u00e8n s\u1ea1c kh\u1ea9n c\u1ea5p KT 402 Kento - M&amp;E B\u00ccNH MINH","isPartOf":{"@id":"https:\/\/mebinhminh.fastviet.vn\/#website"},"primaryImageOfPage":{"@id":"https:\/\/mebinhminh.fastviet.vn\/?product=den-sac-khan-cap-kt-402-kento#primaryimage"},"image":{"@id":"https:\/\/mebinhminh.fastviet.vn\/?product=den-sac-khan-cap-kt-402-kento#primaryimage"},"thumbnailUrl":"https:\/\/mebinhminh.fastviet.vn\/wp-content\/uploads\/2025\/03\/download.png","datePublished":"2025-03-12T08:34:36+00:00","dateModified":"2025-03-12T08:34:36+00:00","breadcrumb":{"@id":"https:\/\/mebinhminh.fastviet.vn\/?product=den-sac-khan-cap-kt-402-kento#breadcrumb"},"inLanguage":"vi","potentialAction":[{"@type":"ReadAction","target":["https:\/\/mebinhminh.fastviet.vn\/?product=den-sac-khan-cap-kt-402-kento"]}]},{"@type":"ImageObject","inLanguage":"vi","@id":"https:\/\/mebinhminh.fastviet.vn\/?product=den-sac-khan-cap-kt-402-kento#primaryimage","url":"https:\/\/mebinhminh.fastviet.vn\/wp-content\/uploads\/2025\/03\/download.png","contentUrl":"https:\/\/mebinhminh.fastviet.vn\/wp-content\/uploads\/2025\/03\/download.png","width":480,"height":458},{"@type":"BreadcrumbList","@id":"https:\/\/mebinhminh.fastviet.vn\/?product=den-sac-khan-cap-kt-402-kento#breadcrumb","itemListElement":[{"@type":"ListItem","position":1,"name":"Home","item":"https:\/\/mebinhminh.fastviet.vn\/"},{"@type":"ListItem","position":2,"name":"C\u1eeda h\u00e0ng","item":"https:\/\/mebinhminh.fastviet.vn\/?page_id=5"},{"@type":"ListItem","position":3,"name":"\u0110\u00e8n s\u1ea1c kh\u1ea9n c\u1ea5p KT 402 Kento"}]},{"@type":"WebSite","@id":"https:\/\/mebinhminh.fastviet.vn\/#website","url":"https:\/\/mebinhminh.fastviet.vn\/","name":"M&amp;E B\u00ccNH MINH","description":"","potentialAction":[{"@type":"SearchAction","target":{"@type":"EntryPoint","urlTemplate":"https:\/\/mebinhminh.fastviet.vn\/?s={search_term_string}"},"query-input":{"@type":"PropertyValueSpecification","valueRequired":true,"valueName":"search_term_string"}}],"inLanguage":"vi"}]}},"jetpack_sharing_enabled":true,"_links":{"self":[{"href":"https:\/\/mebinhminh.fastviet.vn\/index.php?rest_route=\/wp\/v2\/product\/801","targetHints":{"allow":["GET"]}}],"collection":[{"href":"https:\/\/mebinhminh.fastviet.vn\/index.php?rest_route=\/wp\/v2\/product"}],"about":[{"href":"https:\/\/mebinhminh.fastviet.vn\/index.php?rest_route=\/wp\/v2\/types\/product"}],"replies":[{"embeddable":true,"href":"https:\/\/mebinhminh.fastviet.vn\/index.php?rest_route=%2Fwp%2Fv2%2Fcomments&post=801"}],"version-history":[{"count":1,"href":"https:\/\/mebinhminh.fastviet.vn\/index.php?rest_route=\/wp\/v2\/product\/801\/revisions"}],"predecessor-version":[{"id":802,"href":"https:\/\/mebinhminh.fastviet.vn\/index.php?rest_route=\/wp\/v2\/product\/801\/revisions\/802"}],"wp:featuredmedia":[{"embeddable":true,"href":"https:\/\/mebinhminh.fastviet.vn\/index.php?rest_route=\/wp\/v2\/media\/798"}],"wp:attachment":[{"href":"https:\/\/mebinhminh.fastviet.vn\/index.php?rest_route=%2Fwp%2Fv2%2Fmedia&parent=801"}],"wp:term":[{"taxonomy":"product_brand","embeddable":true,"href":"https:\/\/mebinhminh.fastviet.vn\/index.php?rest_route=%2Fwp%2Fv2%2Fproduct_brand&post=801"},{"taxonomy":"product_cat","embeddable":true,"href":"https:\/\/mebinhminh.fastviet.vn\/index.php?rest_route=%2Fwp%2Fv2%2Fproduct_cat&post=801"},{"taxonomy":"product_tag","embeddable":true,"href":"https:\/\/mebinhminh.fastviet.vn\/index.php?rest_route=%2Fwp%2Fv2%2Fproduct_tag&post=801"}],"curies":[{"name":"wp","href":"https:\/\/api.w.org\/{rel}","templated":true}]}}