{"id":809,"date":"2025-03-12T16:08:51","date_gmt":"2025-03-12T09:08:51","guid":{"rendered":"https:\/\/mebinhminh.fastviet.vn\/?post_type=product&#038;p=809"},"modified":"2025-03-12T16:14:10","modified_gmt":"2025-03-12T09:14:10","slug":"voi-chua-chay-fuji-d50-16at-20m","status":"publish","type":"product","link":"https:\/\/mebinhminh.fastviet.vn\/?product=voi-chua-chay-fuji-d50-16at-20m","title":{"rendered":"V\u00f2i ch\u1eefa ch\u00e1y Fuji D50-16at-20m"},"content":{"rendered":"<h2><strong>1. M\u00f4 t\u1ea3 v\u1ec1\u00a0V\u00f2i ch\u1eefa ch\u00e1y Fuji D50-16at-20m<\/strong><\/h2>\n<p><a href=\"https:\/\/fisavietnam.com\/tru-hong-fuji\"><strong>Cu\u1ed9n v\u00f2i ch\u1eefa ch\u00e1y<\/strong><\/a>\u00a0<strong>Fuji D50-16at-20m\u00a0<\/strong>\u0111\u01b0\u1ee3c s\u1eed d\u1ee5ng trong c\u00e1c h\u1ec7 th\u1ed1ng PCCC, d\u00f9ng \u0111\u1ec3 d\u1eabn n\u01b0\u1edbc t\u1eeb van \u0111\u1ec3 d\u1eadp t\u1eaft c\u00e1c \u0111\u00e1m ch\u00e1y m\u1ed9t c\u00e1ch nhanh ch\u00f3ng, \u0111\u1ec3 tr\u00e1nh g\u00e2y ra nh\u1eefng h\u1eadu qu\u1ea3 kh\u00f4ng mong mu\u1ed1n c\u00f3 th\u1ec3 x\u1ea3y ra. Cu\u1ed9n v\u00f2i bao g\u1ed3m kh\u1edbp n\u1ed1i, m\u1ed9t \u0111\u1ea7u \u0111\u01b0\u1ee3c n\u1ed1i v\u1edbi l\u0103ng ch\u1eefa ch\u00e1y. \u0110\u1ea7u c\u00f2n l\u1ea1i c\u00f3 th\u1ec3 n\u1ed1i tr\u1ef1c ti\u1ebfp v\u00e0o van, m\u00e1y b\u01a1m, ho\u1eb7c n\u1ed1i ti\u1ebfp c\u00e1c cu\u1ed9n v\u00f2i ch\u1eefa ch\u00e1y v\u1edbi nhau<\/p>\n<h3><strong>1.1. \u0110\u1eb7c \u0111i\u1ec3m c\u1ee7a s\u1ea3n ph\u1ea9m<\/strong><\/h3>\n<ul>\n<li>L\u1edbp ngo\u00e0i cu\u1ed9n v\u00f2i \u0111\u01b0\u1ee3c d\u1ec7t t\u1eeb v\u1ea3i s\u1ee3i polyester c\u00f3 \u0111\u1ed9 b\u1ec1n c\u01a1 h\u1ecdc cao, ch\u1ed1ng r\u00e1ch khi ti\u1ebfp x\u00fac v\u1edbi b\u1ec1 m\u1eb7t c\u00f3 \u0111\u1ed9 ma s\u00e1t cao v\u00e0 khi thao t\u00e1c trong ch\u1eefa ch\u00e1y.<\/li>\n<li>L\u1edbp l\u00f3t b\u00ean trong cu\u1ed9n v\u00f2i \u0111\u01b0\u1ee3c tr\u00e1ng b\u1eb1ng v\u1eadt li\u1ec7u PVC ch\u1ecbu \u0111\u01b0\u1ee3c \u00e1p l\u1ef1c v\u00e0 \u0111\u1ed9 \u0111\u00e0n h\u1ed3i cao, nhi\u1ec7t \u0111\u1ed9 l\u00e0m vi\u1ec7c -5\u00baC~60\u00baC<\/li>\n<li>Kh\u1edbp n\u1ed1i \u0111\u01b0\u1ee3c l\u00e0m b\u1eb1ng nh\u00f4m h\u1ee3p kim c\u00f3 \u0111\u1ed9 c\u1ee9ng cao.<\/li>\n<li>Kh\u1edbp n\u1ed1i \u0111\u01b0\u1ee3c ch\u1ebf t\u1ea1o b\u1eb1ng c\u00f4ng ngh\u1ec7 CNC cho \u0111\u1ed9 ch\u00ednh x\u00e1c cao, kh\u00f4ng g\u00e2y r\u00f2 r\u1ec9 n\u01b0\u1edbc.<\/li>\n<li>L\u1edbp ch\u1ed1ng r\u00e1ch \u0111\u01b0\u1ee3c l\u00e0m b\u1eb1ng s\u1ee3i Polyester gi\u00fap b\u1ea3o v\u1ec7 ch\u1ed1ng r\u00e1ch v\u00f2i \u1edf v\u1ecb tr\u00ed g\u1ea7n kh\u1edbp n\u1ed1i.<\/li>\n<li>B\u1ec1 m\u1eb7t s\u1ee3i polyester<\/li>\n<li>L\u1edbp tr\u00e1ng b\u00ean trong kh\u1edbp n\u1ed1i\u00a0b\u1eb1ng nh\u00f4m h\u1ee3p kim, l\u1edbp b\u1ea3o v\u1ec7 b\u1eb1ng Polyestes ch\u1ed1ng r\u00e1ch<\/li>\n<\/ul>\n<h3><strong>1.2. Th\u00f4ng s\u1ed1 k\u1ef9 thu\u1eadt\u00a0<\/strong><\/h3>\n<ul>\n<li>T\u00ean s\u1ea3n ph\u1ea9m:\u00a0V\u00f2i ch\u1eefa ch\u00e1y Fuji D50-16at-20m<\/li>\n<li>H\u00e3ng: Fuji<\/li>\n<li>S\u1ea3n xu\u1ea5t: Trung Qu\u1ed1c<\/li>\n<li>\u0110\u01b0\u1eddng k\u00ednh: 50mm<\/li>\n<li>Chi\u1ec1u d\u00e0i: 20m<\/li>\n<li>\u00c1p l\u1ef1c ho\u1ea1t \u0111\u1ed9ng: 16bar<\/li>\n<li>Ch\u1ea5t li\u1ec7u: PVC<\/li>\n<li>M\u00e0u s\u1eafc: m\u00e0u tr\u1eafng<\/li>\n<li>B\u1ea3o h\u00e0nh: 1 n\u0103m<\/li>\n<\/ul>\n","protected":false},"excerpt":{"rendered":"<p>Cu\u1ed9n v\u00f2i ch\u1eefa ch\u00e1y\u00a0Fuji D50-16at-20m\u00a0\u0111\u01b0\u1ee3c s\u1eed d\u1ee5ng trong<br \/>\nc\u00e1c h\u1ec7 th\u1ed1ng PCCC, d\u00f9ng \u0111\u1ec3 d\u1eabn n\u01b0\u1edbc t\u1eeb van \u0111\u1ec3 d\u1eadp t\u1eaft<br \/>\nc\u00e1c \u0111\u00e1m ch\u00e1y m\u1ed9t c\u00e1ch nhanh ch\u00f3ng, \u0111\u1ec3 tr\u00e1nh g\u00e2y ra<br \/>\nnh\u1eefng h\u1eadu qu\u1ea3 kh\u00f4ng mong mu\u1ed1n c\u00f3 th\u1ec3 x\u1ea3y ra.<br \/>\nCu\u1ed9n v\u00f2i bao g\u1ed3m kh\u1edbp n\u1ed1i, m\u1ed9t \u0111\u1ea7u \u0111\u01b0\u1ee3c n\u1ed1i v\u1edbi l\u0103ng ch\u1eefa ch\u00e1y.<br \/>\n\u0110\u1ea7u c\u00f2n l\u1ea1i c\u00f3 th\u1ec3 n\u1ed1i tr\u1ef1c ti\u1ebfp v\u00e0o van, m\u00e1y b\u01a1m, ho\u1eb7c n\u1ed1i ti\u1ebfp c\u00e1c cu\u1ed9n v\u00f2i ch\u1eefa ch\u00e1y v\u1edbi nhau<\/p>\n","protected":false},"featured_media":811,"comment_status":"open","ping_status":"closed","template":"","meta":[],"product_brand":[99],"product_cat":[73,68],"product_tag":[75,71],"class_list":{"0":"post-809","1":"product","2":"type-product","3":"status-publish","4":"has-post-thumbnail","6":"product_brand-nhat-ban","7":"product_cat-lap-dat-thiet-bi-pccc","8":"product_cat-voi-chua-chay","9":"product_tag-lap-dat-thiet-bi-pccc","10":"product_tag-voi-chua-chay","12":"first","13":"instock","14":"taxable","15":"shipping-taxable","16":"purchasable","17":"product-type-simple"},"yoast_head":"<!-- This site is optimized with the Yoast SEO plugin v24.3 - https:\/\/yoast.com\/wordpress\/plugins\/seo\/ -->\n<title>V\u00f2i ch\u1eefa ch\u00e1y Fuji D50-16at-20m - M&amp;E B\u00ccNH MINH<\/title>\n<meta name=\"robots\" content=\"index, follow, max-snippet:-1, max-image-preview:large, max-video-preview:-1\" \/>\n<link rel=\"canonical\" href=\"https:\/\/mebinhminh.fastviet.vn\/?product=voi-chua-chay-fuji-d50-16at-20m\" \/>\n<meta property=\"og:locale\" content=\"vi_VN\" \/>\n<meta property=\"og:type\" content=\"article\" \/>\n<meta property=\"og:title\" content=\"V\u00f2i ch\u1eefa ch\u00e1y Fuji D50-16at-20m - M&amp;E B\u00ccNH MINH\" \/>\n<meta property=\"og:description\" content=\"Cu\u1ed9n v\u00f2i ch\u1eefa ch\u00e1y\u00a0Fuji D50-16at-20m\u00a0\u0111\u01b0\u1ee3c s\u1eed d\u1ee5ng trong c\u00e1c h\u1ec7 th\u1ed1ng PCCC, d\u00f9ng \u0111\u1ec3 d\u1eabn n\u01b0\u1edbc t\u1eeb van \u0111\u1ec3 d\u1eadp t\u1eaft c\u00e1c \u0111\u00e1m ch\u00e1y m\u1ed9t c\u00e1ch nhanh ch\u00f3ng, \u0111\u1ec3 tr\u00e1nh g\u00e2y ra nh\u1eefng h\u1eadu qu\u1ea3 kh\u00f4ng mong mu\u1ed1n c\u00f3 th\u1ec3 x\u1ea3y ra. Cu\u1ed9n v\u00f2i bao g\u1ed3m kh\u1edbp n\u1ed1i, m\u1ed9t \u0111\u1ea7u \u0111\u01b0\u1ee3c n\u1ed1i v\u1edbi l\u0103ng ch\u1eefa ch\u00e1y. \u0110\u1ea7u c\u00f2n l\u1ea1i c\u00f3 th\u1ec3 n\u1ed1i tr\u1ef1c ti\u1ebfp v\u00e0o van, m\u00e1y b\u01a1m, ho\u1eb7c n\u1ed1i ti\u1ebfp c\u00e1c cu\u1ed9n v\u00f2i ch\u1eefa ch\u00e1y v\u1edbi nhau\" \/>\n<meta property=\"og:url\" content=\"https:\/\/mebinhminh.fastviet.vn\/?product=voi-chua-chay-fuji-d50-16at-20m\" \/>\n<meta property=\"og:site_name\" content=\"M&amp;E B\u00ccNH MINH\" \/>\n<meta property=\"article:modified_time\" content=\"2025-03-12T09:14:10+00:00\" \/>\n<meta property=\"og:image\" content=\"https:\/\/mebinhminh.fastviet.vn\/wp-content\/uploads\/2025\/03\/Picture4.png\" \/>\n\t<meta property=\"og:image:width\" content=\"301\" \/>\n\t<meta property=\"og:image:height\" content=\"218\" \/>\n\t<meta property=\"og:image:type\" content=\"image\/png\" \/>\n<meta name=\"twitter:card\" content=\"summary_large_image\" \/>\n<meta name=\"twitter:label1\" content=\"\u01af\u1edbc t\u00ednh th\u1eddi gian \u0111\u1ecdc\" \/>\n\t<meta name=\"twitter:data1\" content=\"2 ph\u00fat\" \/>\n<script type=\"application\/ld+json\" class=\"yoast-schema-graph\">{\"@context\":\"https:\/\/schema.org\",\"@graph\":[{\"@type\":\"WebPage\",\"@id\":\"https:\/\/mebinhminh.fastviet.vn\/?product=voi-chua-chay-fuji-d50-16at-20m\",\"url\":\"https:\/\/mebinhminh.fastviet.vn\/?product=voi-chua-chay-fuji-d50-16at-20m\",\"name\":\"V\u00f2i ch\u1eefa ch\u00e1y Fuji D50-16at-20m - M&amp;E B\u00ccNH MINH\",\"isPartOf\":{\"@id\":\"https:\/\/mebinhminh.fastviet.vn\/#website\"},\"primaryImageOfPage\":{\"@id\":\"https:\/\/mebinhminh.fastviet.vn\/?product=voi-chua-chay-fuji-d50-16at-20m#primaryimage\"},\"image\":{\"@id\":\"https:\/\/mebinhminh.fastviet.vn\/?product=voi-chua-chay-fuji-d50-16at-20m#primaryimage\"},\"thumbnailUrl\":\"https:\/\/mebinhminh.fastviet.vn\/wp-content\/uploads\/2025\/03\/Picture4.png\",\"datePublished\":\"2025-03-12T09:08:51+00:00\",\"dateModified\":\"2025-03-12T09:14:10+00:00\",\"breadcrumb\":{\"@id\":\"https:\/\/mebinhminh.fastviet.vn\/?product=voi-chua-chay-fuji-d50-16at-20m#breadcrumb\"},\"inLanguage\":\"vi\",\"potentialAction\":[{\"@type\":\"ReadAction\",\"target\":[\"https:\/\/mebinhminh.fastviet.vn\/?product=voi-chua-chay-fuji-d50-16at-20m\"]}]},{\"@type\":\"ImageObject\",\"inLanguage\":\"vi\",\"@id\":\"https:\/\/mebinhminh.fastviet.vn\/?product=voi-chua-chay-fuji-d50-16at-20m#primaryimage\",\"url\":\"https:\/\/mebinhminh.fastviet.vn\/wp-content\/uploads\/2025\/03\/Picture4.png\",\"contentUrl\":\"https:\/\/mebinhminh.fastviet.vn\/wp-content\/uploads\/2025\/03\/Picture4.png\",\"width\":301,\"height\":218},{\"@type\":\"BreadcrumbList\",\"@id\":\"https:\/\/mebinhminh.fastviet.vn\/?product=voi-chua-chay-fuji-d50-16at-20m#breadcrumb\",\"itemListElement\":[{\"@type\":\"ListItem\",\"position\":1,\"name\":\"Home\",\"item\":\"https:\/\/mebinhminh.fastviet.vn\/\"},{\"@type\":\"ListItem\",\"position\":2,\"name\":\"C\u1eeda h\u00e0ng\",\"item\":\"https:\/\/mebinhminh.fastviet.vn\/?page_id=5\"},{\"@type\":\"ListItem\",\"position\":3,\"name\":\"V\u00f2i ch\u1eefa ch\u00e1y Fuji D50-16at-20m\"}]},{\"@type\":\"WebSite\",\"@id\":\"https:\/\/mebinhminh.fastviet.vn\/#website\",\"url\":\"https:\/\/mebinhminh.fastviet.vn\/\",\"name\":\"M&amp;E B\u00ccNH MINH\",\"description\":\"\",\"potentialAction\":[{\"@type\":\"SearchAction\",\"target\":{\"@type\":\"EntryPoint\",\"urlTemplate\":\"https:\/\/mebinhminh.fastviet.vn\/?s={search_term_string}\"},\"query-input\":{\"@type\":\"PropertyValueSpecification\",\"valueRequired\":true,\"valueName\":\"search_term_string\"}}],\"inLanguage\":\"vi\"}]}<\/script>\n<!-- \/ Yoast SEO plugin. -->","yoast_head_json":{"title":"V\u00f2i ch\u1eefa ch\u00e1y Fuji D50-16at-20m - M&amp;E B\u00ccNH MINH","robots":{"index":"index","follow":"follow","max-snippet":"max-snippet:-1","max-image-preview":"max-image-preview:large","max-video-preview":"max-video-preview:-1"},"canonical":"https:\/\/mebinhminh.fastviet.vn\/?product=voi-chua-chay-fuji-d50-16at-20m","og_locale":"vi_VN","og_type":"article","og_title":"V\u00f2i ch\u1eefa ch\u00e1y Fuji D50-16at-20m - M&amp;E B\u00ccNH MINH","og_description":"Cu\u1ed9n v\u00f2i ch\u1eefa ch\u00e1y\u00a0Fuji D50-16at-20m\u00a0\u0111\u01b0\u1ee3c s\u1eed d\u1ee5ng trong c\u00e1c h\u1ec7 th\u1ed1ng PCCC, d\u00f9ng \u0111\u1ec3 d\u1eabn n\u01b0\u1edbc t\u1eeb van \u0111\u1ec3 d\u1eadp t\u1eaft c\u00e1c \u0111\u00e1m ch\u00e1y m\u1ed9t c\u00e1ch nhanh ch\u00f3ng, \u0111\u1ec3 tr\u00e1nh g\u00e2y ra nh\u1eefng h\u1eadu qu\u1ea3 kh\u00f4ng mong mu\u1ed1n c\u00f3 th\u1ec3 x\u1ea3y ra. Cu\u1ed9n v\u00f2i bao g\u1ed3m kh\u1edbp n\u1ed1i, m\u1ed9t \u0111\u1ea7u \u0111\u01b0\u1ee3c n\u1ed1i v\u1edbi l\u0103ng ch\u1eefa ch\u00e1y. \u0110\u1ea7u c\u00f2n l\u1ea1i c\u00f3 th\u1ec3 n\u1ed1i tr\u1ef1c ti\u1ebfp v\u00e0o van, m\u00e1y b\u01a1m, ho\u1eb7c n\u1ed1i ti\u1ebfp c\u00e1c cu\u1ed9n v\u00f2i ch\u1eefa ch\u00e1y v\u1edbi nhau","og_url":"https:\/\/mebinhminh.fastviet.vn\/?product=voi-chua-chay-fuji-d50-16at-20m","og_site_name":"M&amp;E B\u00ccNH MINH","article_modified_time":"2025-03-12T09:14:10+00:00","og_image":[{"width":301,"height":218,"url":"https:\/\/mebinhminh.fastviet.vn\/wp-content\/uploads\/2025\/03\/Picture4.png","type":"image\/png"}],"twitter_card":"summary_large_image","twitter_misc":{"\u01af\u1edbc t\u00ednh th\u1eddi gian \u0111\u1ecdc":"2 ph\u00fat"},"schema":{"@context":"https:\/\/schema.org","@graph":[{"@type":"WebPage","@id":"https:\/\/mebinhminh.fastviet.vn\/?product=voi-chua-chay-fuji-d50-16at-20m","url":"https:\/\/mebinhminh.fastviet.vn\/?product=voi-chua-chay-fuji-d50-16at-20m","name":"V\u00f2i ch\u1eefa ch\u00e1y Fuji D50-16at-20m - M&amp;E B\u00ccNH MINH","isPartOf":{"@id":"https:\/\/mebinhminh.fastviet.vn\/#website"},"primaryImageOfPage":{"@id":"https:\/\/mebinhminh.fastviet.vn\/?product=voi-chua-chay-fuji-d50-16at-20m#primaryimage"},"image":{"@id":"https:\/\/mebinhminh.fastviet.vn\/?product=voi-chua-chay-fuji-d50-16at-20m#primaryimage"},"thumbnailUrl":"https:\/\/mebinhminh.fastviet.vn\/wp-content\/uploads\/2025\/03\/Picture4.png","datePublished":"2025-03-12T09:08:51+00:00","dateModified":"2025-03-12T09:14:10+00:00","breadcrumb":{"@id":"https:\/\/mebinhminh.fastviet.vn\/?product=voi-chua-chay-fuji-d50-16at-20m#breadcrumb"},"inLanguage":"vi","potentialAction":[{"@type":"ReadAction","target":["https:\/\/mebinhminh.fastviet.vn\/?product=voi-chua-chay-fuji-d50-16at-20m"]}]},{"@type":"ImageObject","inLanguage":"vi","@id":"https:\/\/mebinhminh.fastviet.vn\/?product=voi-chua-chay-fuji-d50-16at-20m#primaryimage","url":"https:\/\/mebinhminh.fastviet.vn\/wp-content\/uploads\/2025\/03\/Picture4.png","contentUrl":"https:\/\/mebinhminh.fastviet.vn\/wp-content\/uploads\/2025\/03\/Picture4.png","width":301,"height":218},{"@type":"BreadcrumbList","@id":"https:\/\/mebinhminh.fastviet.vn\/?product=voi-chua-chay-fuji-d50-16at-20m#breadcrumb","itemListElement":[{"@type":"ListItem","position":1,"name":"Home","item":"https:\/\/mebinhminh.fastviet.vn\/"},{"@type":"ListItem","position":2,"name":"C\u1eeda h\u00e0ng","item":"https:\/\/mebinhminh.fastviet.vn\/?page_id=5"},{"@type":"ListItem","position":3,"name":"V\u00f2i ch\u1eefa ch\u00e1y Fuji D50-16at-20m"}]},{"@type":"WebSite","@id":"https:\/\/mebinhminh.fastviet.vn\/#website","url":"https:\/\/mebinhminh.fastviet.vn\/","name":"M&amp;E B\u00ccNH MINH","description":"","potentialAction":[{"@type":"SearchAction","target":{"@type":"EntryPoint","urlTemplate":"https:\/\/mebinhminh.fastviet.vn\/?s={search_term_string}"},"query-input":{"@type":"PropertyValueSpecification","valueRequired":true,"valueName":"search_term_string"}}],"inLanguage":"vi"}]}},"jetpack_sharing_enabled":true,"_links":{"self":[{"href":"https:\/\/mebinhminh.fastviet.vn\/index.php?rest_route=\/wp\/v2\/product\/809","targetHints":{"allow":["GET"]}}],"collection":[{"href":"https:\/\/mebinhminh.fastviet.vn\/index.php?rest_route=\/wp\/v2\/product"}],"about":[{"href":"https:\/\/mebinhminh.fastviet.vn\/index.php?rest_route=\/wp\/v2\/types\/product"}],"replies":[{"embeddable":true,"href":"https:\/\/mebinhminh.fastviet.vn\/index.php?rest_route=%2Fwp%2Fv2%2Fcomments&post=809"}],"version-history":[{"count":1,"href":"https:\/\/mebinhminh.fastviet.vn\/index.php?rest_route=\/wp\/v2\/product\/809\/revisions"}],"predecessor-version":[{"id":812,"href":"https:\/\/mebinhminh.fastviet.vn\/index.php?rest_route=\/wp\/v2\/product\/809\/revisions\/812"}],"wp:featuredmedia":[{"embeddable":true,"href":"https:\/\/mebinhminh.fastviet.vn\/index.php?rest_route=\/wp\/v2\/media\/811"}],"wp:attachment":[{"href":"https:\/\/mebinhminh.fastviet.vn\/index.php?rest_route=%2Fwp%2Fv2%2Fmedia&parent=809"}],"wp:term":[{"taxonomy":"product_brand","embeddable":true,"href":"https:\/\/mebinhminh.fastviet.vn\/index.php?rest_route=%2Fwp%2Fv2%2Fproduct_brand&post=809"},{"taxonomy":"product_cat","embeddable":true,"href":"https:\/\/mebinhminh.fastviet.vn\/index.php?rest_route=%2Fwp%2Fv2%2Fproduct_cat&post=809"},{"taxonomy":"product_tag","embeddable":true,"href":"https:\/\/mebinhminh.fastviet.vn\/index.php?rest_route=%2Fwp%2Fv2%2Fproduct_tag&post=809"}],"curies":[{"name":"wp","href":"https:\/\/api.w.org\/{rel}","templated":true}]}}